CRAN Package Check Results for Package mrgsim.parallel

Last updated on 2022-09-30 04:59:14 CEST.

Flavor Version Tinstall Tcheck Ttotal Status Flags
r-devel-linux-x86_64-debian-clang 0.2.1 8.55 123.88 132.43 OK
r-devel-linux-x86_64-debian-gcc 0.2.1 6.56 90.88 97.44 OK
r-devel-linux-x86_64-fedora-clang 0.2.1 171.67 NOTE
r-devel-linux-x86_64-fedora-gcc 0.2.1 159.85 OK
r-devel-windows-x86_64 0.2.1 28.00 160.00 188.00 OK
r-patched-linux-x86_64 0.2.1 12.85 112.36 125.21 OK
r-release-linux-x86_64 0.2.1 8.23 114.32 122.55 OK
r-release-macos-arm64 0.2.1 48.00 OK
r-release-macos-x86_64 0.2.1 91.00 OK
r-release-windows-x86_64 0.2.1 89.00 161.00 250.00 OK
r-oldrel-macos-arm64 0.2.1 46.00 OK
r-oldrel-macos-x86_64 0.2.1 63.00 OK
r-oldrel-windows-ix86+x86_64 0.2.1 19.00 155.00 174.00 OK

Check Details

Version: 0.2.1
Check: Rd cross-references
Result: NOTE
    Undeclared package ‘processx’ in Rd xrefs
Flavor: r-devel-linux-x86_64-fedora-clang