CRAN Package Check Results for Package mrfDepth

Last updated on 2024-07-15 15:54:29 CEST.

Flavor Version Tinstall Tcheck Ttotal Status Flags
r-devel-linux-x86_64-debian-clang 1.0.17 118.47 122.78 241.25 OK
r-devel-linux-x86_64-debian-gcc 1.0.17 71.92 92.20 164.12 OK
r-devel-linux-x86_64-fedora-clang 1.0.17 314.07 OK
r-devel-linux-x86_64-fedora-gcc 1.0.17 307.60 OK
r-devel-windows-x86_64 1.0.17 89.00 136.00 225.00 OK
r-patched-linux-x86_64 1.0.17 82.29 117.92 200.21 OK
r-release-linux-x86_64 1.0.17 87.97 116.72 204.69 OK
r-release-macos-arm64 1.0.17 79.00 NOTE
r-release-macos-x86_64 1.0.17 90.00 NOTE
r-release-windows-x86_64 1.0.17 86.00 133.00 219.00 OK
r-oldrel-macos-arm64 1.0.17 83.00 NOTE
r-oldrel-macos-x86_64 1.0.17 159.00 NOTE
r-oldrel-windows-x86_64 1.0.17 108.00 170.00 278.00 OK

Check Details

Version: 1.0.17
Check: installed package size
Result: NOTE installed size is 14.1Mb sub-directories of 1Mb or more: data 1.6Mb libs 12.1Mb Flavors: r-release-macos-arm64, r-release-macos-x86_64, r-oldrel-macos-arm64, r-oldrel-macos-x86_64