CRAN Package Check Results for Package mrbayes

Last updated on 2020-09-28 03:47:47 CEST.

Flavor Version Tinstall Tcheck Ttotal Status Flags
r-devel-linux-x86_64-debian-clang 0.2.0 351.91 320.26 672.17 NOTE
r-devel-linux-x86_64-debian-gcc 0.2.0 320.94 221.27 542.21 NOTE
r-devel-linux-x86_64-fedora-clang 0.2.0 824.03 NOTE
r-devel-linux-x86_64-fedora-gcc 0.2.0 891.59 NOTE
r-devel-windows-ix86+x86_64 0.2.0 772.00 539.00 1311.00 NOTE
r-patched-linux-x86_64 0.2.0 287.68 283.10 570.78 NOTE
r-patched-solaris-x86 0.2.0 937.90 NOTE
r-release-linux-x86_64 0.2.0 358.00 290.14 648.14 NOTE
r-release-macos-x86_64 0.2.0 NOTE
r-release-windows-ix86+x86_64 0.2.0 772.00 552.00 1324.00 NOTE
r-oldrel-macos-x86_64 0.2.0 NOTE
r-oldrel-windows-ix86+x86_64 0.2.0 742.00 518.00 1260.00 NOTE

Check Details

Version: 0.2.0
Check: for GNU extensions in Makefiles
Result: NOTE
    GNU make is a SystemRequirements.
Flavors: r-devel-linux-x86_64-debian-clang, r-devel-linux-x86_64-debian-gcc, r-devel-linux-x86_64-fedora-clang, r-devel-linux-x86_64-fedora-gcc, r-devel-windows-ix86+x86_64, r-patched-linux-x86_64, r-patched-solaris-x86, r-release-linux-x86_64, r-release-macos-x86_64, r-release-windows-ix86+x86_64, r-oldrel-macos-x86_64, r-oldrel-windows-ix86+x86_64

Version: 0.2.0
Check: installed package size
Result: NOTE
     installed size is 65.0Mb
     sub-directories of 1Mb or more:
     libs 64.7Mb
Flavors: r-devel-linux-x86_64-fedora-clang, r-devel-windows-ix86+x86_64, r-release-macos-x86_64, r-release-windows-ix86+x86_64, r-oldrel-macos-x86_64, r-oldrel-windows-ix86+x86_64

Version: 0.2.0
Check: dependencies in R code
Result: NOTE
    Namespace in Imports field not imported from: ‘rstantools’
     All declared Imports should be used.
Flavors: r-devel-linux-x86_64-fedora-clang, r-devel-linux-x86_64-fedora-gcc, r-patched-solaris-x86, r-release-macos-x86_64, r-oldrel-macos-x86_64