CRAN Package Check Results for Package moveHMM

Last updated on 2024-06-13 15:48:30 CEST.

Flavor Version Tinstall Tcheck Ttotal Status Flags
r-devel-linux-x86_64-debian-clang 1.9 63.43 191.81 255.24 OK
r-devel-linux-x86_64-debian-gcc 1.9 0.57 1.75 2.32 ERROR
r-devel-linux-x86_64-fedora-clang 1.9 338.86 OK
r-devel-linux-x86_64-fedora-gcc 1.9 394.96 OK
r-devel-windows-x86_64 1.9 50.00 241.00 291.00 OK
r-patched-linux-x86_64 1.9 61.04 192.36 253.40 OK
r-release-linux-x86_64 1.9 39.54 186.97 226.51 OK
r-release-macos-arm64 1.9 115.00 OK
r-release-macos-x86_64 1.9 161.00 WARN
r-release-windows-x86_64 1.9 55.00 244.00 299.00 OK
r-oldrel-macos-arm64 1.9 112.00 OK
r-oldrel-macos-x86_64 1.9 210.00 OK
r-oldrel-windows-x86_64 1.9 63.00 271.00 334.00 OK

Check Details

Version: 1.9
Check: package dependencies
Result: ERROR Packages required but not available: 'ggplot2', 'ggmap' Package suggested but not available for checking: ‘testthat’ See section ‘The DESCRIPTION file’ in the ‘Writing R Extensions’ manual. Flavor: r-devel-linux-x86_64-debian-gcc

Version: 1.9
Check: re-building of vignette outputs
Result: WARN Error(s) in re-building vignettes: --- re-building ‘moveHMM-example.Rmd’ using rmarkdown --- finished re-building ‘moveHMM-example.Rmd’ --- re-building ‘moveHMM-custom-plots.Rnw’ using knitr Error: processing vignette 'moveHMM-custom-plots.Rnw' failed with diagnostics: Running 'texi2dvi' on 'moveHMM-custom-plots.tex' failed. LaTeX errors: ! Undefined control sequence. l.73 \hlkwd{set.seed}\hldef {(}\hlnum{1}\hldef{)} ? ! Emergency stop. ! Emergency stop. l.73 End of file on the terminal! ! ==> Fatal error occurred, no output PDF file produced! --- failed re-building ‘moveHMM-custom-plots.Rnw’ --- re-building ‘moveHMM-guide.Rnw’ using knitr Warning: 'mode(width)' and 'mode(height)' differ between new and previous ==> NOT changing 'width' & 'height' Warning: 'mode(width)' and 'mode(height)' differ between new and previous ==> NOT changing 'width' & 'height' Warning: 'mode(width)' and 'mode(height)' differ between new and previous ==> NOT changing 'width' & 'height' Warning: 'mode(width)' and 'mode(height)' differ between new and previous ==> NOT changing 'width' & 'height' Warning: 'mode(width)' and 'mode(height)' differ between new and previous ==> NOT changing 'width' & 'height' Warning: 'mode(width)' and 'mode(height)' differ between new and previous ==> NOT changing 'width' & 'height' Error: processing vignette 'moveHMM-guide.Rnw' failed with diagnostics: Running 'texi2dvi' on 'moveHMM-guide.tex' failed. LaTeX errors: ! Undefined control sequence. l.147 \hlkwd{head}\hldef {(elk_data)} ? ! Emergency stop. ! Emergency stop. l.147 End of file on the terminal! ! ==> Fatal error occurred, no output PDF file produced! --- failed re-building ‘moveHMM-guide.Rnw’ --- re-building ‘moveHMM-starting-values.Rnw’ using knitr Error: processing vignette 'moveHMM-starting-values.Rnw' failed with diagnostics: Running 'texi2dvi' on 'moveHMM-starting-values.tex' failed. LaTeX errors: ! Undefined control sequence. l.93 \hlkwd{library}\hldef {(moveHMM)} ? ! Emergency stop. ! Emergency stop. l.93 End of file on the terminal! ! ==> Fatal error occurred, no output PDF file produced! --- failed re-building ‘moveHMM-starting-values.Rnw’ SUMMARY: processing the following files failed: ‘moveHMM-custom-plots.Rnw’ ‘moveHMM-guide.Rnw’ ‘moveHMM-starting-values.Rnw’ Error: Vignette re-building failed. Execution halted Flavor: r-release-macos-x86_64