CRAN Package Check Results for Package mosaicData

Last updated on 2022-10-04 03:56:46 CEST.

Flavor Version Tinstall Tcheck Ttotal Status Flags
r-devel-linux-x86_64-debian-clang 0.20.3 4.01 46.08 50.09 OK
r-devel-linux-x86_64-debian-gcc 0.20.3 3.07 35.11 38.18 OK
r-devel-linux-x86_64-fedora-clang 0.20.3 78.54 NOTE
r-devel-linux-x86_64-fedora-gcc 0.20.3 75.74 NOTE
r-devel-windows-x86_64 0.20.3 34.00 79.00 113.00 OK
r-patched-linux-x86_64 0.20.3 4.72 41.82 46.54 OK
r-release-linux-x86_64 0.20.3 3.73 41.62 45.35 OK
r-release-macos-arm64 0.20.3 33.00 NOTE
r-release-macos-x86_64 0.20.3 47.00 NOTE
r-release-windows-x86_64 0.20.3 49.00 81.00 130.00 OK
r-oldrel-macos-arm64 0.20.3 35.00 NOTE
r-oldrel-macos-x86_64 0.20.3 50.00 NOTE
r-oldrel-windows-ix86+x86_64 0.20.3 9.00 73.00 82.00 OK

Check Details

Version: 0.20.3
Check: data for non-ASCII characters
Result: NOTE
     Note: found 7 marked UTF-8 strings
Flavors: r-devel-linux-x86_64-fedora-clang, r-devel-linux-x86_64-fedora-gcc, r-release-macos-arm64, r-release-macos-x86_64, r-oldrel-macos-arm64, r-oldrel-macos-x86_64