CRAN Package Check Results for Package mosaic

Last updated on 2022-11-28 14:52:07 CET.

Flavor Version Tinstall Tcheck Ttotal Status Flags
r-devel-linux-x86_64-debian-clang 1.8.4.2 30.04 482.71 512.75 OK
r-devel-linux-x86_64-debian-gcc 1.8.4.2 20.55 350.42 370.97 OK
r-devel-linux-x86_64-fedora-clang 1.8.4.2 650.52 NOTE
r-devel-linux-x86_64-fedora-gcc 1.8.4.2 600.63 OK
r-devel-windows-x86_64 1.8.4.2 178.00 540.00 718.00 OK
r-patched-linux-x86_64 1.8.4.2 30.98 436.74 467.72 OK
r-release-linux-x86_64 1.8.4.2 30.81 444.10 474.91 OK
r-release-macos-arm64 1.8.4.2 116.00 OK
r-release-macos-x86_64 1.8.4.2 202.00 OK
r-release-windows-x86_64 1.8.4.2 135.00 512.00 647.00 OK
r-oldrel-macos-arm64 1.8.4.2 110.00 OK
r-oldrel-macos-x86_64 1.8.4.2 200.00 OK
r-oldrel-windows-ix86+x86_64 1.8.4.2 53.00 521.00 574.00 OK

Check Details

Version: 1.8.4.2
Check: Rd cross-references
Result: NOTE
    Undeclared package ‘cubature’ in Rd xrefs
Flavor: r-devel-linux-x86_64-fedora-clang