CRAN Package Check Results for Package morse

Last updated on 2020-09-29 15:47:39 CEST.

Flavor Version Tinstall Tcheck Ttotal Status Flags
r-devel-linux-x86_64-debian-clang 3.2.5 13.53 279.79 293.32 OK --no-vignettes
r-devel-linux-x86_64-debian-gcc 3.2.5 11.68 190.79 202.47 OK --no-vignettes
r-devel-linux-x86_64-fedora-clang 3.2.5 359.27 OK --no-vignettes
r-devel-linux-x86_64-fedora-gcc 3.2.5 348.71 OK --no-vignettes
r-devel-windows-ix86+x86_64 3.2.5 25.00 260.00 285.00 OK --no-vignettes
r-patched-linux-x86_64 3.2.5 12.42 277.41 289.83 OK --no-vignettes
r-patched-solaris-x86 3.2.5 737.70 OK --no-vignettes
r-release-linux-x86_64 3.2.5 13.95 258.11 272.06 OK --no-vignettes
r-release-macos-x86_64 3.2.5 FAIL
r-release-windows-ix86+x86_64 3.2.5 25.00 300.00 325.00 OK --no-vignettes
r-oldrel-macos-x86_64 3.2.5 WARN
r-oldrel-windows-ix86+x86_64 3.2.5 22.00 312.00 334.00 OK --no-vignettes

Check Details

Version: 3.2.5
Check: re-building of vignette outputs
Result: FAIL
Flavor: r-release-macos-x86_64

Version: 3.2.5
Check: re-building of vignette outputs
Result: WARN
    Error(s) in re-building vignettes:
    --- re-building ‘tutorial.Rmd’ using rmarkdown
    Warning in engine$weave(file, quiet = quiet, encoding = enc) :
     Pandoc (>= 1.12.3) and/or pandoc-citeproc not available. Falling back to R Markdown v1.
    
    Attaching package: 'dplyr'
    
    The following objects are masked from 'package:stats':
    
     filter, lag
    
    The following objects are masked from 'package:base':
    
     intersect, setdiff, setequal, union
    
    Quitting from lines 342-344 (tutorial.Rmd)
    Error: processing vignette 'tutorial.Rmd' failed with diagnostics:
    The model needs too many iterations to provide reliable parameter estimates !
    --- failed re-building ‘tutorial.Rmd’
    
    --- re-building ‘modelling.Snw’ using Sweave
    --- finished re-building ‘modelling.Snw’
    
    SUMMARY: processing the following file failed:
     ‘tutorial.Rmd’
    
    Error: Vignette re-building failed.
    Execution halted
Flavor: r-oldrel-macos-x86_64