CRAN Package Check Results for Package momr

Last updated on 2023-01-29 16:55:03 CET.

Flavor Version Tinstall Tcheck Ttotal Status Flags
r-devel-linux-x86_64-debian-clang 1.1 4.30 46.59 50.89 OK
r-devel-linux-x86_64-debian-gcc 1.1 3.11 35.64 38.75 OK
r-devel-linux-x86_64-fedora-clang 1.1 62.28 NOTE
r-devel-linux-x86_64-fedora-gcc 1.1 61.58 OK
r-devel-windows-x86_64 1.1 35.00 82.00 117.00 NOTE
r-patched-linux-x86_64 1.1 4.32 44.13 48.45 OK
r-release-linux-x86_64 1.1 3.37 44.49 47.86 OK
r-release-macos-arm64 1.1 22.00 NOTE
r-release-macos-x86_64 1.1 39.00 NOTE
r-release-windows-x86_64 1.1 28.00 75.00 103.00 NOTE
r-oldrel-macos-arm64 1.1 26.00 NOTE
r-oldrel-macos-x86_64 1.1 43.00 NOTE
r-oldrel-windows-ix86+x86_64 1.1 10.00 81.00 91.00 NOTE

Check Details

Version: 1.1
Check: installed package size
Result: NOTE
     installed size is 7.3Mb
     sub-directories of 1Mb or more:
     data 2.1Mb
Flavors: r-devel-linux-x86_64-fedora-clang, r-devel-windows-x86_64, r-release-macos-arm64, r-release-macos-x86_64, r-release-windows-x86_64, r-oldrel-macos-arm64, r-oldrel-macos-x86_64, r-oldrel-windows-ix86+x86_64