CRAN Package Check Results for Package momentuHMM

Last updated on 2024-06-13 03:49:26 CEST.

Flavor Version Tinstall Tcheck Ttotal Status Flags
r-devel-linux-x86_64-debian-clang 1.5.5 169.97 574.99 744.96 OK
r-devel-linux-x86_64-debian-gcc 1.5.5 0.82 1.74 2.56 ERROR
r-devel-linux-x86_64-fedora-clang 1.5.5 966.74 OK
r-devel-linux-x86_64-fedora-gcc 1.5.5 899.38 OK
r-devel-windows-x86_64 1.5.5 134.00 390.00 524.00 OK
r-patched-linux-x86_64 1.5.5 163.68 312.93 476.61 OK
r-release-linux-x86_64 1.5.5 148.96 384.33 533.29 OK
r-release-macos-arm64 1.5.5 212.00 NOTE
r-release-macos-x86_64 1.5.5 348.00 NOTE
r-release-windows-x86_64 1.5.5 135.00 397.00 532.00 OK
r-oldrel-macos-arm64 1.5.5 267.00 NOTE
r-oldrel-macos-x86_64 1.5.5 454.00 NOTE
r-oldrel-windows-x86_64 1.5.5 175.00 505.00 680.00 OK

Check Details

Version: 1.5.5
Check: package dependencies
Result: ERROR Package required but not available: ‘crawl’ Packages suggested but not available for checking: 'testthat', 'ggplot2', 'ggmap', 'lubridate', 'dplyr', 'moveHMM', 'car' See section ‘The DESCRIPTION file’ in the ‘Writing R Extensions’ manual. Flavor: r-devel-linux-x86_64-debian-gcc

Version: 1.5.5
Check: installed package size
Result: NOTE installed size is 8.8Mb sub-directories of 1Mb or more: R 2.0Mb doc 1.7Mb libs 4.4Mb Flavors: r-release-macos-arm64, r-release-macos-x86_64, r-oldrel-macos-arm64, r-oldrel-macos-x86_64