CRAN Package Check Results for Package molic

Last updated on 2020-12-01 04:47:40 CET.

Flavor Version Tinstall Tcheck Ttotal Status Flags
r-devel-linux-x86_64-debian-clang 2.0.1 58.51 147.35 205.86 OK
r-devel-linux-x86_64-debian-gcc 2.0.1 30.63 110.19 140.82 OK
r-devel-linux-x86_64-fedora-clang 2.0.1 236.74 NOTE
r-devel-linux-x86_64-fedora-gcc 2.0.1 229.58 OK
r-devel-windows-ix86+x86_64 2.0.1 94.00 179.00 273.00 NOTE
r-patched-linux-x86_64 2.0.1 77.85 147.49 225.34 OK
r-patched-solaris-x86 2.0.1 287.50 OK
r-release-linux-x86_64 2.0.1 68.78 148.23 217.01 OK
r-release-macos-x86_64 2.0.1 NOTE
r-release-windows-ix86+x86_64 2.0.1 70.00 190.00 260.00 NOTE
r-oldrel-macos-x86_64 2.0.1 NOTE
r-oldrel-windows-ix86+x86_64 2.0.1 89.00 230.00 319.00 OK

Check Details

Version: 2.0.1
Check: installed package size
Result: NOTE
     installed size is 5.9Mb
     sub-directories of 1Mb or more:
     extdata 1.6Mb
     libs 3.0Mb
Flavors: r-devel-linux-x86_64-fedora-clang, r-devel-windows-ix86+x86_64, r-release-macos-x86_64, r-release-windows-ix86+x86_64, r-oldrel-macos-x86_64