Last updated on 2023-02-08 15:52:47 CET.
Flavor | Version | Tinstall | Tcheck | Ttotal | Status | Flags |
---|---|---|---|---|---|---|
r-devel-linux-x86_64-debian-clang | 0.2.0 | 7.02 | 62.59 | 69.61 | OK | |
r-devel-linux-x86_64-debian-gcc | 0.2.0 | 6.17 | 47.09 | 53.26 | OK | |
r-devel-linux-x86_64-fedora-clang | 0.2.0 | 89.47 | OK | |||
r-devel-linux-x86_64-fedora-gcc | 0.2.0 | 92.11 | OK | |||
r-devel-windows-x86_64 | 0.2.0 | 19.00 | 92.00 | 111.00 | OK | |
r-patched-linux-x86_64 | 0.2.0 | 6.54 | 60.47 | 67.01 | OK | |
r-release-linux-x86_64 | 0.2.0 | 7.34 | 59.01 | 66.35 | OK | |
r-release-macos-arm64 | 0.2.0 | 34.00 | OK | |||
r-release-macos-x86_64 | 0.2.0 | 46.00 | OK | |||
r-release-windows-x86_64 | 0.2.0 | 18.00 | 105.00 | 123.00 | OK | |
r-oldrel-macos-arm64 | 0.1.0 | 43.00 | NOTE | |||
r-oldrel-macos-x86_64 | 0.1.0 | 56.00 | NOTE | |||
r-oldrel-windows-ix86+x86_64 | 0.1.0 | 9.00 | 17.00 | 26.00 | ERROR |
Version: 0.1.0
Check: LazyData
Result: NOTE
'LazyData' is specified without a 'data' directory
Flavors: r-oldrel-macos-arm64, r-oldrel-macos-x86_64
Version: 0.1.0
Check: whether package can be installed
Result: ERROR
Installation failed.
Flavor: r-oldrel-windows-ix86+x86_64