Last updated on 2023-01-29 16:55:03 CET.
Flavor | Version | Tinstall | Tcheck | Ttotal | Status | Flags |
---|---|---|---|---|---|---|
r-devel-linux-x86_64-debian-clang | 0.5.5 | 11.15 | 119.70 | 130.85 | OK | |
r-devel-linux-x86_64-debian-gcc | 0.5.5 | 8.86 | 89.88 | 98.74 | OK | |
r-devel-linux-x86_64-fedora-clang | 0.5.5 | 161.94 | NOTE | |||
r-devel-linux-x86_64-fedora-gcc | 0.5.5 | 167.77 | NOTE | |||
r-devel-windows-x86_64 | 0.5.5 | 123.00 | 168.00 | 291.00 | OK | |
r-patched-linux-x86_64 | 0.5.5 | 8.75 | 115.84 | 124.59 | OK | |
r-release-linux-x86_64 | 0.5.5 | 7.58 | 108.64 | 116.22 | OK | |
r-release-macos-arm64 | 0.5.5 | 45.00 | NOTE | |||
r-release-macos-x86_64 | 0.5.5 | 65.00 | NOTE | |||
r-release-windows-x86_64 | 0.5.5 | 148.00 | 179.00 | 327.00 | OK | |
r-oldrel-macos-arm64 | 0.5.5 | 47.00 | NOTE | |||
r-oldrel-macos-x86_64 | 0.5.5 | 71.00 | NOTE | |||
r-oldrel-windows-ix86+x86_64 | 0.5.5 | 23.00 | 153.00 | 176.00 | OK |
Version: 0.5.5
Check: data for non-ASCII characters
Result: NOTE
Note: found 5238 marked UTF-8 strings
Flavors: r-devel-linux-x86_64-fedora-clang, r-devel-linux-x86_64-fedora-gcc, r-release-macos-arm64, r-release-macos-x86_64, r-oldrel-macos-arm64, r-oldrel-macos-x86_64