Last updated on 2022-07-04 03:52:23 CEST.
Flavor | Version | Tinstall | Tcheck | Ttotal | Status | Flags |
---|---|---|---|---|---|---|
r-devel-linux-x86_64-debian-clang | 1.2.2 | 29.05 | 606.46 | 635.51 | OK | |
r-devel-linux-x86_64-debian-gcc | 1.2.2 | 23.38 | 425.14 | 448.52 | OK | |
r-devel-linux-x86_64-fedora-clang | 1.2.2 | 623.12 | NOTE | |||
r-devel-linux-x86_64-fedora-gcc | 1.2.2 | 727.56 | OK | |||
r-devel-windows-x86_64 | 1.2.2 | 204.00 | 603.00 | 807.00 | OK | |
r-patched-linux-x86_64 | 1.2.2 | 38.92 | 553.25 | 592.17 | OK | |
r-release-linux-x86_64 | 1.2.2 | 21.05 | 547.26 | 568.31 | OK | |
r-release-macos-arm64 | 1.2.2 | 201.00 | OK | |||
r-release-macos-x86_64 | 1.2.2 | 241.00 | OK | |||
r-release-windows-x86_64 | 1.2.2 | 240.00 | 583.00 | 823.00 | OK | |
r-oldrel-macos-arm64 | 1.2.2 | 210.00 | OK | |||
r-oldrel-macos-x86_64 | 1.2.2 | 234.00 | OK | |||
r-oldrel-windows-ix86+x86_64 | 1.2.2 | 69.00 | 669.00 | 738.00 | OK |
Version: 1.2.2
Check: package dependencies
Result: NOTE
Imports includes 29 non-default packages.
Importing from so many packages makes the package vulnerable to any of
them becoming unavailable. Move as many as possible to Suggests and
use conditionally.
Flavor: r-devel-linux-x86_64-fedora-clang