Last updated on 2023-01-30 02:54:14 CET.
Flavor | Version | Tinstall | Tcheck | Ttotal | Status | Flags |
---|---|---|---|---|---|---|
r-devel-linux-x86_64-debian-clang | 0.1.0 | 31.72 | 284.37 | 316.09 | NOTE | |
r-devel-linux-x86_64-debian-gcc | 0.1.0 | 24.52 | 210.60 | 235.12 | NOTE | |
r-devel-linux-x86_64-fedora-clang | 0.1.0 | 416.62 | NOTE | |||
r-devel-linux-x86_64-fedora-gcc | 0.1.0 | 426.38 | NOTE | |||
r-devel-windows-x86_64 | 0.1.0 | 276.00 | 308.00 | 584.00 | NOTE | |
r-patched-linux-x86_64 | 0.1.0 | 32.63 | 270.58 | 303.21 | NOTE | |
r-release-linux-x86_64 | 0.1.0 | 21.34 | 270.84 | 292.18 | NOTE | |
r-release-macos-arm64 | 0.1.0 | 75.00 | NOTE | |||
r-release-macos-x86_64 | 0.1.0 | 150.00 | NOTE | |||
r-release-windows-x86_64 | 0.1.0 | 289.00 | 336.00 | 625.00 | NOTE | |
r-oldrel-macos-arm64 | 0.1.0 | 72.00 | NOTE | |||
r-oldrel-macos-x86_64 | 0.1.0 | 98.00 | NOTE | |||
r-oldrel-windows-ix86+x86_64 | 0.1.0 | 72.00 | 315.00 | 387.00 | NOTE |
Version: 0.1.0
Check: LazyData
Result: NOTE
'LazyData' is specified without a 'data' directory
Flavors: r-devel-linux-x86_64-debian-clang, r-devel-linux-x86_64-debian-gcc, r-devel-linux-x86_64-fedora-clang, r-devel-linux-x86_64-fedora-gcc, r-devel-windows-x86_64, r-patched-linux-x86_64, r-release-linux-x86_64, r-release-macos-arm64, r-release-macos-x86_64, r-release-windows-x86_64, r-oldrel-macos-arm64, r-oldrel-macos-x86_64, r-oldrel-windows-ix86+x86_64