Last updated on 2023-10-04 02:58:21 CEST.
Flavor | Version | Tinstall | Tcheck | Ttotal | Status | Flags |
---|---|---|---|---|---|---|
r-devel-linux-x86_64-debian-clang | 1.1 | 6.56 | 169.89 | 176.45 | NOTE | |
r-devel-linux-x86_64-debian-gcc | 1.1 | 5.52 | 128.44 | 133.96 | NOTE | |
r-devel-linux-x86_64-fedora-clang | 1.1 | 243.07 | NOTE | |||
r-devel-linux-x86_64-fedora-gcc | 1.1 | 230.31 | NOTE | |||
r-devel-windows-x86_64 | 1.1 | 8.00 | 127.00 | 135.00 | NOTE | |
r-patched-linux-x86_64 | 1.1 | 4.21 | 162.34 | 166.55 | NOTE | |
r-release-linux-x86_64 | 1.1 | 4.85 | 160.21 | 165.06 | NOTE | |
r-release-macos-arm64 | 1.1 | 69.00 | NOTE | |||
r-release-macos-x86_64 | 1.1 | 92.00 | NOTE | |||
r-release-windows-x86_64 | 1.1 | 15.00 | 159.00 | 174.00 | NOTE | |
r-oldrel-macos-arm64 | 1.1 | 64.00 | NOTE | |||
r-oldrel-macos-x86_64 | 1.1 | 112.00 | NOTE | |||
r-oldrel-windows-x86_64 | 1.1 | 10.00 | 155.00 | 165.00 | NOTE |
Version: 1.1
Check: LazyData
Result: NOTE
'LazyData' is specified without a 'data' directory
Flavors: r-devel-linux-x86_64-debian-clang, r-devel-linux-x86_64-debian-gcc, r-devel-linux-x86_64-fedora-clang, r-devel-linux-x86_64-fedora-gcc, r-devel-windows-x86_64, r-patched-linux-x86_64, r-release-linux-x86_64, r-release-macos-arm64, r-release-macos-x86_64, r-release-windows-x86_64, r-oldrel-macos-arm64, r-oldrel-macos-x86_64, r-oldrel-windows-x86_64
Version: 1.1
Check: dependencies in R code
Result: NOTE
Namespaces in Imports field not imported from:
‘DALEX’ ‘DT’ ‘auditor’ ‘breakDown’ ‘drifter’ ‘svglite’
All declared Imports should be used.
Flavors: r-devel-linux-x86_64-fedora-clang, r-devel-linux-x86_64-fedora-gcc, r-oldrel-macos-arm64, r-oldrel-macos-x86_64