CRAN Package Check Results for Package modeest

Last updated on 2022-01-16 04:08:17 CET.

Flavor Version Tinstall Tcheck Ttotal Status Flags
r-devel-linux-x86_64-debian-clang 2.4.0 5.63 60.57 66.20 NOTE
r-devel-linux-x86_64-debian-gcc 2.4.0 5.42 47.54 52.96 NOTE
r-devel-linux-x86_64-fedora-clang 2.4.0 83.06 NOTE
r-devel-linux-x86_64-fedora-gcc 2.4.0 71.38 NOTE
r-devel-windows-x86_64-new-UL 2.4.0 41.00 91.00 132.00 NOTE
r-devel-windows-x86_64-new-TK 2.4.0 NOTE
r-patched-linux-x86_64 2.4.0 6.84 60.07 66.91 NOTE
r-release-linux-x86_64 2.4.0 5.59 59.41 65.00 NOTE
r-release-macos-arm64 2.4.0 NOTE
r-release-macos-x86_64 2.4.0 NOTE
r-release-windows-ix86+x86_64 2.4.0 14.00 72.00 86.00 NOTE
r-oldrel-macos-x86_64 2.4.0 OK
r-oldrel-windows-ix86+x86_64 2.4.0 14.00 73.00 87.00 OK

Check Details

Version: 2.4.0
Check: LazyData
Result: NOTE
     'LazyData' is specified without a 'data' directory
Flavors: r-devel-linux-x86_64-debian-clang, r-devel-linux-x86_64-debian-gcc, r-devel-linux-x86_64-fedora-clang, r-devel-linux-x86_64-fedora-gcc, r-devel-windows-x86_64-new-UL, r-devel-windows-x86_64-new-TK, r-patched-linux-x86_64, r-release-linux-x86_64, r-release-macos-arm64, r-release-macos-x86_64, r-release-windows-ix86+x86_64