CRAN Package Check Results for Package mnormt

Last updated on 2021-09-19 03:51:15 CEST.

Flavor Version Tinstall Tcheck Ttotal Status Flags
r-devel-linux-x86_64-debian-clang 2.0.2 6.25 28.99 35.24 OK
r-devel-linux-x86_64-debian-gcc 2.0.2 4.80 22.02 26.82 OK
r-devel-linux-x86_64-fedora-clang 2.0.2 51.05 OK
r-devel-linux-x86_64-fedora-gcc 2.0.2 40.91 OK
r-devel-windows-x86_64 2.0.2 9.00 48.00 57.00 OK
r-devel-windows-x86_64-gcc10-UCRT 2.0.2 ERROR
r-patched-linux-x86_64 2.0.2 6.43 27.82 34.25 OK
r-patched-solaris-x86 2.0.2 61.70 OK
r-release-linux-x86_64 2.0.2 6.06 27.85 33.91 OK
r-release-macos-arm64 2.0.2 OK
r-release-macos-x86_64 2.0.2 OK
r-release-windows-ix86+x86_64 2.0.2 15.00 40.00 55.00 OK
r-oldrel-macos-x86_64 2.0.2 OK
r-oldrel-windows-ix86+x86_64 2.0.2 13.00 41.00 54.00 OK

Check Details

Version: 2.0.2
Check: whether package can be installed
Result: ERROR
    Installation failed.
Flavor: r-devel-windows-x86_64-gcc10-UCRT