CRAN Package Check Results for Package mnda

Last updated on 2024-07-18 15:49:05 CEST.

Flavor Version Tinstall Tcheck Ttotal Status Flags
r-devel-linux-x86_64-debian-clang 1.0.9 2.19 56.98 59.17 OK
r-devel-linux-x86_64-debian-gcc 1.0.9 2.49 43.01 45.50 OK
r-devel-linux-x86_64-fedora-clang 1.0.9 75.31 NOTE
r-devel-linux-x86_64-fedora-gcc 1.0.9 72.19 NOTE
r-devel-windows-x86_64 1.0.9 4.00 63.00 67.00 OK
r-patched-linux-x86_64 1.0.9 2.38 55.70 58.08 OK
r-release-linux-x86_64 1.0.9 2.09 56.29 58.38 OK
r-release-macos-arm64 1.0.9 26.00 OK
r-release-macos-x86_64 1.0.9 41.00 OK
r-release-windows-x86_64 1.0.9 4.00 64.00 68.00 OK
r-oldrel-macos-arm64 1.0.9 26.00 OK
r-oldrel-macos-x86_64 1.0.9 37.00 OK
r-oldrel-windows-x86_64 1.0.9 5.00 79.00 84.00 OK

Check Details

Version: 1.0.9
Check: dependencies in R code
Result: NOTE Namespaces in Imports field not imported from: ‘MASS’ ‘Matrix’ ‘magrittr’ ‘reticulate’ ‘tensorflow’ ‘usethis’ All declared Imports should be used. Flavors: r-devel-linux-x86_64-fedora-clang, r-devel-linux-x86_64-fedora-gcc