CRAN Package Check Results for Package mmpf

Last updated on 2022-06-27 15:53:48 CEST.

Flavor Version Tinstall Tcheck Ttotal Status Flags
r-devel-linux-x86_64-debian-clang 0.0.5 2.87 40.76 43.63 NOTE
r-devel-linux-x86_64-debian-gcc 0.0.5 2.32 30.18 32.50 NOTE
r-devel-linux-x86_64-fedora-clang 0.0.5 61.57 NOTE
r-devel-linux-x86_64-fedora-gcc 0.0.5 60.53 NOTE
r-devel-windows-x86_64 0.0.5 18.00 68.00 86.00 NOTE
r-patched-linux-x86_64 0.0.5 2.97 37.97 40.94 NOTE
r-release-linux-x86_64 0.0.5 2.76 37.91 40.67 NOTE
r-release-macos-arm64 0.0.5 24.00 NOTE
r-release-macos-x86_64 0.0.5 30.00 NOTE
r-release-windows-x86_64 0.0.5 12.00 68.00 80.00 NOTE
r-oldrel-macos-arm64 0.0.5 30.00 NOTE
r-oldrel-macos-x86_64 0.0.5 36.00 NOTE
r-oldrel-windows-ix86+x86_64 0.0.5 7.00 71.00 78.00 NOTE

Check Details

Version: 0.0.5
Check: LazyData
Result: NOTE
     'LazyData' is specified without a 'data' directory
Flavors: r-devel-linux-x86_64-debian-clang, r-devel-linux-x86_64-debian-gcc, r-devel-linux-x86_64-fedora-clang, r-devel-linux-x86_64-fedora-gcc, r-devel-windows-x86_64, r-patched-linux-x86_64, r-release-linux-x86_64, r-release-macos-arm64, r-release-macos-x86_64, r-release-windows-x86_64, r-oldrel-macos-arm64, r-oldrel-macos-x86_64, r-oldrel-windows-ix86+x86_64