CRAN Package Check Results for Package mmcif

Last updated on 2023-10-01 05:05:47 CEST.

Flavor Version Tinstall Tcheck Ttotal Status Flags
r-devel-linux-x86_64-debian-clang 0.1.1 354.77 83.21 437.98 OK
r-devel-linux-x86_64-debian-gcc 0.1.1 236.36 59.07 295.43 OK
r-devel-linux-x86_64-fedora-clang 0.1.1 715.60 OK
r-devel-linux-x86_64-fedora-gcc 0.1.1 701.55 OK
r-devel-windows-x86_64 0.1.1 255.00 106.00 361.00 OK
r-patched-linux-x86_64 0.1.1 265.37 78.67 344.04 OK
r-release-linux-x86_64 0.1.1 251.33 77.39 328.72 OK
r-release-macos-arm64 0.1.1 153.00 NOTE
r-release-macos-x86_64 0.1.1 249.00 NOTE
r-release-windows-x86_64 0.1.1 345.00 131.00 476.00 OK
r-oldrel-macos-arm64 0.1.1 129.00 NOTE
r-oldrel-macos-x86_64 0.1.1 165.00 NOTE
r-oldrel-windows-x86_64 0.1.1 331.00 124.00 455.00 OK

Check Details

Version: 0.1.1
Check: installed package size
Result: NOTE
     installed size is 17.6Mb
     sub-directories of 1Mb or more:
     doc 1.3Mb
     libs 15.9Mb
Flavors: r-release-macos-arm64, r-release-macos-x86_64, r-oldrel-macos-arm64, r-oldrel-macos-x86_64