Last updated on 2023-02-06 03:54:38 CET.
Flavor | Version | Tinstall | Tcheck | Ttotal | Status | Flags |
---|---|---|---|---|---|---|
r-devel-linux-x86_64-debian-clang | 0.1.1 | 348.46 | 87.35 | 435.81 | OK | |
r-devel-linux-x86_64-debian-gcc | 0.1.1 | 263.46 | 59.88 | 323.34 | OK | |
r-devel-linux-x86_64-fedora-clang | 0.1.1 | 657.54 | OK | |||
r-devel-linux-x86_64-fedora-gcc | 0.1.1 | 588.40 | OK | |||
r-devel-windows-x86_64 | 0.1.1 | 296.00 | 152.00 | 448.00 | OK | |
r-patched-linux-x86_64 | 0.1.1 | 283.36 | 76.25 | 359.61 | OK | |
r-release-linux-x86_64 | 0.1.1 | 228.97 | 74.68 | 303.65 | OK | |
r-release-macos-arm64 | 0.1.1 | 129.00 | NOTE | |||
r-release-macos-x86_64 | 0.1.1 | 165.00 | NOTE | |||
r-release-windows-x86_64 | 0.1.1 | 286.00 | 148.00 | 434.00 | OK | |
r-oldrel-macos-arm64 | 0.1.1 | 133.00 | NOTE | |||
r-oldrel-macos-x86_64 | 0.1.1 | 218.00 | NOTE | |||
r-oldrel-windows-ix86+x86_64 | 0.1.1 | 842.00 | 190.00 | 1032.00 | NOTE |
Version: 0.1.1
Check: installed package size
Result: NOTE
installed size is 17.5Mb
sub-directories of 1Mb or more:
doc 1.3Mb
libs 15.8Mb
Flavors: r-release-macos-arm64, r-release-macos-x86_64, r-oldrel-macos-arm64, r-oldrel-macos-x86_64, r-oldrel-windows-ix86+x86_64