CRAN Package Check Results for Package mmb

Last updated on 2022-09-29 03:58:08 CEST.

Flavor Version Tinstall Tcheck Ttotal Status Flags
r-devel-linux-x86_64-debian-clang 0.13.3 3.13 127.69 130.82 NOTE
r-devel-linux-x86_64-debian-gcc 0.13.3 3.13 89.01 92.14 NOTE
r-devel-linux-x86_64-fedora-clang 0.13.3 167.11 NOTE
r-devel-linux-x86_64-fedora-gcc 0.13.3 157.50 NOTE
r-devel-windows-x86_64 0.13.3 18.00 164.00 182.00 NOTE
r-patched-linux-x86_64 0.13.3 2.98 118.71 121.69 NOTE
r-release-linux-x86_64 0.13.3 4.08 114.17 118.25 NOTE
r-release-macos-arm64 0.13.3 44.00 NOTE
r-release-macos-x86_64 0.13.3 58.00 NOTE
r-release-windows-x86_64 0.13.3 22.00 153.00 175.00 NOTE
r-oldrel-macos-arm64 0.13.3 72.00 NOTE
r-oldrel-macos-x86_64 0.13.3 91.00 NOTE
r-oldrel-windows-ix86+x86_64 0.13.3 8.00 158.00 166.00 NOTE

Check Details

Version: 0.13.3
Check: LazyData
Result: NOTE
     'LazyData' is specified without a 'data' directory
Flavors: r-devel-linux-x86_64-debian-clang, r-devel-linux-x86_64-debian-gcc, r-devel-linux-x86_64-fedora-clang, r-devel-linux-x86_64-fedora-gcc, r-devel-windows-x86_64, r-patched-linux-x86_64, r-release-linux-x86_64, r-release-macos-arm64, r-release-macos-x86_64, r-release-windows-x86_64, r-oldrel-macos-arm64, r-oldrel-macos-x86_64, r-oldrel-windows-ix86+x86_64

Version: 0.13.3
Check: dependencies in R code
Result: NOTE
    Namespaces in Imports field not imported from:
     ‘datasets’ ‘doParallel’ ‘parallel’
     All declared Imports should be used.
Flavors: r-devel-linux-x86_64-fedora-clang, r-devel-linux-x86_64-fedora-gcc, r-release-macos-arm64, r-release-macos-x86_64, r-oldrel-macos-arm64, r-oldrel-macos-x86_64