CRAN Package Check Results for Package mmb

Last updated on 2023-10-01 05:05:47 CEST.

Flavor Version Tinstall Tcheck Ttotal Status Flags
r-devel-linux-x86_64-debian-clang 0.13.3 4.05 128.84 132.89 NOTE
r-devel-linux-x86_64-debian-gcc 0.13.3 3.21 91.02 94.23 NOTE
r-devel-linux-x86_64-fedora-clang 0.13.3 156.62 NOTE
r-devel-linux-x86_64-fedora-gcc 0.13.3 166.43 NOTE
r-devel-windows-x86_64 0.13.3 5.00 111.00 116.00 NOTE
r-patched-linux-x86_64 0.13.3 5.06 119.46 124.52 NOTE
r-release-linux-x86_64 0.13.3 3.34 124.45 127.79 NOTE
r-release-macos-arm64 0.13.3 48.00 NOTE
r-release-macos-x86_64 0.13.3 86.00 NOTE
r-release-windows-x86_64 0.13.3 5.00 149.00 154.00 NOTE
r-oldrel-macos-arm64 0.13.3 44.00 NOTE
r-oldrel-macos-x86_64 0.13.3 58.00 NOTE
r-oldrel-windows-x86_64 0.13.3 6.00 148.00 154.00 NOTE

Check Details

Version: 0.13.3
Check: LazyData
Result: NOTE
     'LazyData' is specified without a 'data' directory
Flavors: r-devel-linux-x86_64-debian-clang, r-devel-linux-x86_64-debian-gcc, r-devel-linux-x86_64-fedora-clang, r-devel-linux-x86_64-fedora-gcc, r-devel-windows-x86_64, r-patched-linux-x86_64, r-release-linux-x86_64, r-release-macos-arm64, r-release-macos-x86_64, r-release-windows-x86_64, r-oldrel-macos-arm64, r-oldrel-macos-x86_64, r-oldrel-windows-x86_64

Version: 0.13.3
Check: dependencies in R code
Result: NOTE
    Namespaces in Imports field not imported from:
     ‘datasets’ ‘doParallel’ ‘parallel’
     All declared Imports should be used.
Flavors: r-devel-linux-x86_64-fedora-clang, r-devel-linux-x86_64-fedora-gcc, r-oldrel-macos-arm64, r-oldrel-macos-x86_64