Last updated on 2022-07-03 03:50:00 CEST.
Flavor | Version | Tinstall | Tcheck | Ttotal | Status | Flags |
---|---|---|---|---|---|---|
r-devel-linux-x86_64-debian-clang | 3.1-0 | 11.48 | 100.80 | 112.28 | OK | |
r-devel-linux-x86_64-debian-gcc | 3.1-0 | 7.77 | 76.85 | 84.62 | OK | |
r-devel-linux-x86_64-fedora-clang | 3.1-0 | 143.99 | WARN | |||
r-devel-linux-x86_64-fedora-gcc | 3.1-0 | 146.24 | WARN | |||
r-devel-windows-x86_64 | 3.1-0 | 19.00 | 123.00 | 142.00 | OK | |
r-patched-linux-x86_64 | 3.1-0 | 9.51 | 96.64 | 106.15 | OK | |
r-release-linux-x86_64 | 3.1-0 | 10.78 | 97.09 | 107.87 | OK | |
r-release-macos-arm64 | 3.1-0 | 48.00 | OK | |||
r-release-macos-x86_64 | 3.1-0 | 58.00 | OK | |||
r-release-windows-x86_64 | 3.1-0 | 16.00 | 132.00 | 148.00 | OK | |
r-oldrel-macos-arm64 | 3.1-0 | 40.00 | OK | |||
r-oldrel-macos-x86_64 | 3.1-0 | 57.00 | OK | |||
r-oldrel-windows-ix86+x86_64 | 3.1-0 | 26.00 | 123.00 | 149.00 | OK |
Version: 3.1-0
Check: package dependencies
Result: WARN
Requires (indirectly) orphaned package: ‘gtools’
Flavors: r-devel-linux-x86_64-fedora-clang, r-devel-linux-x86_64-fedora-gcc