Last updated on 2022-06-27 15:53:48 CEST.
Flavor | Version | Tinstall | Tcheck | Ttotal | Status | Flags |
---|---|---|---|---|---|---|
r-devel-linux-x86_64-debian-clang | 10.6-1 | 24.95 | 198.35 | 223.30 | OK | |
r-devel-linux-x86_64-debian-gcc | 10.6-1 | 23.63 | 148.31 | 171.94 | OK | |
r-devel-linux-x86_64-fedora-clang | 10.6-1 | 281.75 | WARN | |||
r-devel-linux-x86_64-fedora-gcc | 10.6-1 | 281.86 | WARN | |||
r-devel-windows-x86_64 | 10.6-1 | 41.00 | 235.00 | 276.00 | OK | |
r-patched-linux-x86_64 | 10.6-1 | 27.21 | 192.40 | 219.61 | OK | |
r-release-linux-x86_64 | 10.6-1 | 23.57 | 190.57 | 214.14 | OK | |
r-release-macos-arm64 | 10.6-1 | 69.00 | OK | |||
r-release-macos-x86_64 | 10.6-1 | 105.00 | OK | |||
r-release-windows-x86_64 | 10.6-1 | 42.00 | 215.00 | 257.00 | OK | |
r-oldrel-macos-arm64 | 10.6-1 | 63.00 | OK | |||
r-oldrel-macos-x86_64 | 10.6-1 | 100.00 | OK | |||
r-oldrel-windows-ix86+x86_64 | 10.6-1 | 47.00 | 232.00 | 279.00 | OK |
Version: 10.6-1
Check: package dependencies
Result: WARN
Requires (indirectly) orphaned package: ‘gtools’
Flavors: r-devel-linux-x86_64-fedora-clang, r-devel-linux-x86_64-fedora-gcc