CRAN Package Check Results for Package mlrintermbo

Last updated on 2022-06-26 15:53:04 CEST.

Flavor Version Tinstall Tcheck Ttotal Status Flags
r-devel-linux-x86_64-debian-clang 0.5.0 4.81 446.19 451.00 NOTE
r-devel-linux-x86_64-debian-gcc 0.5.0 4.12 317.41 321.53 NOTE
r-devel-linux-x86_64-fedora-clang 0.5.0 509.08 NOTE
r-devel-linux-x86_64-fedora-gcc 0.5.0 520.88 NOTE
r-devel-windows-x86_64 0.5.0 22.00 509.00 531.00 NOTE
r-patched-linux-x86_64 0.5.0 3.63 473.39 477.02 NOTE
r-release-linux-x86_64 0.5.0 4.22 479.43 483.65 NOTE
r-release-macos-arm64 0.5.0 311.00 NOTE
r-release-macos-x86_64 0.5.0 477.00 NOTE
r-release-windows-x86_64 0.5.0 18.00 493.00 511.00 NOTE
r-oldrel-macos-arm64 0.5.0 451.00 NOTE
r-oldrel-macos-x86_64 0.5.0 422.00 NOTE
r-oldrel-windows-ix86+x86_64 0.5.0 12.00 530.00 542.00 NOTE

Check Details

Version: 0.5.0
Check: LazyData
Result: NOTE
     'LazyData' is specified without a 'data' directory
Flavors: r-devel-linux-x86_64-debian-clang, r-devel-linux-x86_64-debian-gcc, r-devel-linux-x86_64-fedora-clang, r-devel-linux-x86_64-fedora-gcc, r-devel-windows-x86_64, r-patched-linux-x86_64, r-release-linux-x86_64, r-release-macos-arm64, r-release-macos-x86_64, r-release-windows-x86_64, r-oldrel-macos-arm64, r-oldrel-macos-x86_64, r-oldrel-windows-ix86+x86_64