CRAN Package Check Results for Package mlr3verse

Last updated on 2020-10-31 03:52:47 CET.

Flavor Version Tinstall Tcheck Ttotal Status Flags
r-devel-linux-x86_64-debian-clang 0.1.3 5.95 55.11 61.06 NOTE
r-devel-linux-x86_64-debian-gcc 0.1.3 4.44 41.66 46.10 NOTE
r-devel-linux-x86_64-fedora-clang 0.1.3 81.83 NOTE
r-devel-linux-x86_64-fedora-gcc 0.1.3 71.81 NOTE
r-devel-windows-ix86+x86_64 0.1.3 19.00 78.00 97.00 NOTE
r-patched-linux-x86_64 0.1.3 5.68 51.08 56.76 NOTE
r-patched-solaris-x86 0.1.3 108.90 NOTE
r-release-linux-x86_64 0.1.3 5.95 49.97 55.92 NOTE
r-release-macos-x86_64 0.1.3 NOTE
r-release-windows-ix86+x86_64 0.1.3 10.00 81.00 91.00 NOTE
r-oldrel-macos-x86_64 0.1.3 NOTE
r-oldrel-windows-ix86+x86_64 0.1.3 12.00 50.00 62.00 NOTE

Check Details

Version: 0.1.3
Check: package dependencies
Result: NOTE
    Depends: includes the non-default packages:
     'mlr3', 'mlr3filters', 'mlr3learners', 'mlr3pipelines', 'mlr3tuning',
     'mlr3viz', 'paradox'
    Adding so many packages to the search path is excessive and importing
    selectively is preferable.
Flavors: r-devel-linux-x86_64-debian-clang, r-devel-linux-x86_64-debian-gcc, r-devel-linux-x86_64-fedora-clang, r-devel-linux-x86_64-fedora-gcc, r-devel-windows-ix86+x86_64, r-patched-linux-x86_64, r-patched-solaris-x86, r-release-linux-x86_64, r-release-macos-x86_64, r-release-windows-ix86+x86_64, r-oldrel-macos-x86_64, r-oldrel-windows-ix86+x86_64