CRAN Package Check Results for Package mlr3pipelines

Last updated on 2022-06-27 15:53:48 CEST.

Flavor Version Tinstall Tcheck Ttotal Status Flags
r-devel-linux-x86_64-debian-clang 0.4.1 34.16 554.79 588.95 OK
r-devel-linux-x86_64-debian-gcc 0.4.1 29.36 391.09 420.45 OK
r-devel-linux-x86_64-fedora-clang 0.4.1 658.82 NOTE
r-devel-linux-x86_64-fedora-gcc 0.4.1 542.11 OK
r-devel-windows-x86_64 0.4.1 324.00 440.00 764.00 OK
r-patched-linux-x86_64 0.4.1 53.88 504.17 558.05 OK
r-release-linux-x86_64 0.4.1 33.17 503.04 536.21 OK
r-release-macos-arm64 0.4.1 156.00 OK
r-release-macos-x86_64 0.4.1 173.00 OK
r-release-windows-x86_64 0.4.1 296.00 447.00 743.00 OK
r-oldrel-macos-arm64 0.4.1 149.00 OK
r-oldrel-macos-x86_64 0.4.1 162.00 OK
r-oldrel-windows-ix86+x86_64 0.4.1 55.00 456.00 511.00 OK

Check Details

Version: 0.4.1
Check: Rd cross-references
Result: NOTE
    Undeclared package ‘htmlwidgets’ in Rd xrefs
Flavor: r-devel-linux-x86_64-fedora-clang