CRAN Package Check Results for Package mlr3

Last updated on 2020-09-30 15:48:02 CEST.

Flavor Version Tinstall Tcheck Ttotal Status Flags
r-devel-linux-x86_64-debian-clang 0.6.0 30.64 255.31 285.95 OK
r-devel-linux-x86_64-debian-gcc 0.6.0 24.29 185.09 209.38 OK
r-devel-linux-x86_64-fedora-clang 0.6.0 170.97 NOTE
r-devel-linux-x86_64-fedora-gcc 0.6.0 272.42 OK
r-devel-windows-ix86+x86_64 0.6.0 45.00 251.00 296.00 OK
r-patched-linux-x86_64 0.6.0 31.78 198.31 230.09 OK
r-patched-solaris-x86 0.6.0 316.80 OK
r-release-linux-x86_64 0.6.0 28.85 202.25 231.10 OK
r-release-macos-x86_64 0.6.0 OK
r-release-windows-ix86+x86_64 0.6.0 50.00 272.00 322.00 OK
r-oldrel-macos-x86_64 0.6.0 NOTE
r-oldrel-windows-ix86+x86_64 0.6.0 42.00 234.00 276.00 NOTE

Check Details

Version: 0.6.0
Check: package dependencies
Result: NOTE
    Suggests orphaned package: ‘bibtex’
Flavor: r-devel-linux-x86_64-fedora-clang

Version: 0.6.0
Check: R code for possible problems
Result: NOTE
    .__TaskGenerator2DNormals__plot: no visible global function definition
     for ‘plot’
    .__TaskGeneratorCassini__plot: no visible global function definition
     for ‘plot’
    .__TaskGeneratorCircle__plot: no visible global function definition for
     ‘plot’
    .__TaskGeneratorMoons__plot: no visible global function definition for
     ‘plot’
    .__TaskGeneratorSimplex__plot: no visible global function definition
     for ‘plot’
    .__TaskGeneratorSmiley__plot: no visible global function definition for
     ‘plot’
    .__TaskGeneratorSpirals__plot: no visible global function definition
     for ‘plot’
    .__TaskGeneratorXor__plot: no visible global function definition for
     ‘plot’
    Undefined global functions or variables:
     plot
    Consider adding
     importFrom("graphics", "plot")
    to your NAMESPACE file.
Flavors: r-oldrel-macos-x86_64, r-oldrel-windows-ix86+x86_64