CRAN Package Check Results for Package mlr

Last updated on 2020-08-15 15:46:57 CEST.

Flavor Version Tinstall Tcheck Ttotal Status Flags
r-devel-linux-x86_64-debian-clang 2.17.1 38.51 253.28 291.79 NOTE
r-devel-linux-x86_64-debian-gcc 2.17.1 32.90 199.83 232.73 NOTE
r-devel-linux-x86_64-fedora-clang 2.17.1 362.55 NOTE
r-devel-linux-x86_64-fedora-gcc 2.17.1 355.98 NOTE
r-devel-windows-ix86+x86_64 2.17.1 92.00 469.00 561.00 OK
r-patched-linux-x86_64 2.17.1 39.74 245.17 284.91 NOTE
r-patched-solaris-x86 2.17.1 438.40 NOTE
r-release-linux-x86_64 2.17.1 35.24 253.66 288.90 NOTE
r-release-macos-x86_64 2.17.1 NOTE
r-release-windows-ix86+x86_64 2.17.1 89.00 328.00 417.00 NOTE
r-oldrel-macos-x86_64 2.17.1 NOTE
r-oldrel-windows-ix86+x86_64 2.17.1 54.00 316.00 370.00 OK

Check Details

Version: 2.17.1
Check: package dependencies
Result: NOTE
    Package suggested but not available for checking: 'FDboost'
Flavors: r-devel-linux-x86_64-debian-clang, r-devel-linux-x86_64-debian-gcc, r-devel-linux-x86_64-fedora-clang, r-devel-linux-x86_64-fedora-gcc, r-patched-linux-x86_64, r-release-linux-x86_64

Version: 2.17.1
Check: Rd cross-references
Result: NOTE
    Unknown package 'FDboost' in Rd xrefs
Flavors: r-devel-linux-x86_64-debian-clang, r-devel-linux-x86_64-debian-gcc, r-devel-linux-x86_64-fedora-clang, r-devel-linux-x86_64-fedora-gcc, r-patched-linux-x86_64, r-patched-solaris-x86, r-release-linux-x86_64

Version: 2.17.1
Check: installed package size
Result: NOTE
     installed size is 5.0Mb
     sub-directories of 1Mb or more:
     R 1.5Mb
     data 2.3Mb
Flavors: r-devel-linux-x86_64-fedora-clang, r-patched-solaris-x86, r-release-macos-x86_64, r-release-windows-ix86+x86_64, r-oldrel-macos-x86_64

Version: 2.17.1
Check: package dependencies
Result: NOTE
    Packages suggested but not available for checking:
     'FDboost', 'FSelector', 'RWeka'
Flavor: r-patched-solaris-x86