Last updated on 2022-07-04 03:52:23 CEST.
Flavor | Version | Tinstall | Tcheck | Ttotal | Status | Flags |
---|---|---|---|---|---|---|
r-devel-linux-x86_64-debian-clang | 1.1-1 | 11.26 | 414.84 | 426.10 | NOTE | |
r-devel-linux-x86_64-debian-gcc | 1.1-1 | 9.37 | 297.69 | 307.06 | NOTE | |
r-devel-linux-x86_64-fedora-clang | 1.1-1 | 496.77 | NOTE | |||
r-devel-linux-x86_64-fedora-gcc | 1.1-1 | 493.32 | NOTE | |||
r-devel-windows-x86_64 | 1.1-1 | 36.00 | 483.00 | 519.00 | NOTE | |
r-patched-linux-x86_64 | 1.1-1 | 17.39 | 380.17 | 397.56 | OK | |
r-release-linux-x86_64 | 1.1-1 | 11.21 | 376.93 | 388.14 | OK | |
r-release-macos-arm64 | 1.1-1 | 129.00 | OK | |||
r-release-macos-x86_64 | 1.1-1 | 294.00 | OK | |||
r-release-windows-x86_64 | 1.1-1 | 30.00 | 482.00 | 512.00 | OK | |
r-oldrel-macos-arm64 | 1.1-1 | 150.00 | OK | |||
r-oldrel-macos-x86_64 | 1.1-1 | 319.00 | OK | |||
r-oldrel-windows-ix86+x86_64 | 1.1-1 | 23.00 | 501.00 | 524.00 | OK |
Version: 1.1-1
Check: Rd files
Result: NOTE
checkRd: (-1) Catsup.Rd:24: Escaped LaTeX specials: \&
checkRd: (-1) Cracker.Rd:24: Escaped LaTeX specials: \&
Flavors: r-devel-linux-x86_64-debian-clang, r-devel-linux-x86_64-debian-gcc, r-devel-linux-x86_64-fedora-clang, r-devel-linux-x86_64-fedora-gcc, r-devel-windows-x86_64