CRAN Package Check Results for Package mlmc

Last updated on 2020-09-29 15:47:39 CEST.

Flavor Version Tinstall Tcheck Ttotal Status Flags
r-devel-linux-x86_64-debian-clang 1.0.0 23.29 50.79 74.08 OK
r-devel-linux-x86_64-debian-gcc 1.0.0 13.81 38.40 52.21 OK
r-devel-linux-x86_64-fedora-clang 1.0.0 95.33 NOTE
r-devel-linux-x86_64-fedora-gcc 1.0.0 84.38 NOTE
r-devel-windows-ix86+x86_64 1.0.0 49.00 102.00 151.00 OK
r-patched-linux-x86_64 1.0.0 17.79 47.11 64.90 OK
r-patched-solaris-x86 1.0.0 110.80 OK
r-release-linux-x86_64 1.0.0 18.84 47.26 66.10 OK
r-release-macos-x86_64 1.0.0 OK
r-release-windows-ix86+x86_64 1.0.0 49.00 105.00 154.00 OK
r-oldrel-macos-x86_64 1.0.0 OK
r-oldrel-windows-ix86+x86_64 1.0.0 44.00 110.00 154.00 OK

Check Details

Version: 1.0.0
Check: compiled code
Result: NOTE
    File ‘mlmc/libs/mlmc.so’:
     Found no calls to: ‘R_registerRoutines’, ‘R_useDynamicSymbols’
    
    It is good practice to register native routines and to disable symbol
    search.
    
    See ‘Writing portable packages’ in the ‘Writing R Extensions’ manual.
Flavors: r-devel-linux-x86_64-fedora-clang, r-devel-linux-x86_64-fedora-gcc