CRAN Package Check Results for Package mlim

Last updated on 2024-07-16 15:48:16 CEST.

Flavor Version Tinstall Tcheck Ttotal Status Flags
r-devel-linux-x86_64-debian-clang 0.3.0 15.34 134.89 150.23 NOTE
r-devel-linux-x86_64-debian-gcc 0.3.0 14.31 99.09 113.40 NOTE
r-devel-linux-x86_64-fedora-clang 0.3.0 173.90 NOTE
r-devel-linux-x86_64-fedora-gcc 0.3.0 176.24 NOTE
r-devel-windows-x86_64 0.3.0 14.00 106.00 120.00 NOTE
r-patched-linux-x86_64 0.3.0 11.39 121.73 133.12 NOTE
r-release-linux-x86_64 0.3.0 15.20 128.05 143.25 NOTE
r-release-macos-arm64 0.3.0 52.00 NOTE
r-release-macos-x86_64 0.3.0 73.00 NOTE
r-release-windows-x86_64 0.3.0 15.00 107.00 122.00 NOTE
r-oldrel-macos-arm64 0.3.0 55.00 OK
r-oldrel-macos-x86_64 0.3.0 91.00 OK
r-oldrel-windows-x86_64 0.3.0 20.00 138.00 158.00 OK

Check Details

Version: 0.3.0
Check: Rd files
Result: NOTE checkRd: (-1) mlim.Rd:58: Lost braces 58 | Note that code{"XGB"} is only available in Mac OS and Linux. moreover, | ^ Flavors: r-devel-linux-x86_64-debian-clang, r-devel-linux-x86_64-debian-gcc, r-devel-linux-x86_64-fedora-clang, r-devel-linux-x86_64-fedora-gcc, r-devel-windows-x86_64, r-patched-linux-x86_64, r-release-linux-x86_64, r-release-macos-arm64, r-release-macos-x86_64, r-release-windows-x86_64