Last updated on 2022-06-28 03:51:36 CEST.
Flavor | Version | Tinstall | Tcheck | Ttotal | Status | Flags |
---|---|---|---|---|---|---|
r-devel-linux-x86_64-debian-clang | 2.0.4 | 112.24 | 44.57 | 156.81 | OK | |
r-devel-linux-x86_64-debian-gcc | 2.0.4 | 73.24 | 35.24 | 108.48 | OK | |
r-devel-linux-x86_64-fedora-clang | 2.0.4 | 236.90 | NOTE | |||
r-devel-linux-x86_64-fedora-gcc | 2.0.4 | 187.85 | OK | |||
r-devel-windows-x86_64 | 2.0.4 | 86.00 | 100.00 | 186.00 | OK | |
r-patched-linux-x86_64 | 2.0.4 | 82.48 | 42.87 | 125.35 | OK | |
r-release-linux-x86_64 | 2.0.4 | 74.70 | 42.89 | 117.59 | OK | |
r-release-macos-arm64 | 2.0.4 | 54.00 | NOTE | |||
r-release-macos-x86_64 | 2.0.4 | 69.00 | NOTE | |||
r-release-windows-x86_64 | 2.0.4 | 92.00 | 99.00 | 191.00 | OK | |
r-oldrel-macos-arm64 | 2.0.4 | 58.00 | NOTE | |||
r-oldrel-macos-x86_64 | 2.0.4 | 101.00 | NOTE | |||
r-oldrel-windows-ix86+x86_64 | 2.0.4 | 194.00 | 102.00 | 296.00 | OK |
Version: 2.0.4
Check: installed package size
Result: NOTE
installed size is 8.2Mb
sub-directories of 1Mb or more:
libs 7.8Mb
Flavors: r-devel-linux-x86_64-fedora-clang, r-release-macos-arm64, r-release-macos-x86_64, r-oldrel-macos-arm64, r-oldrel-macos-x86_64