CRAN Package Check Results for Package mixtools

Last updated on 2024-06-14 03:57:27 CEST.

Flavor Version Tinstall Tcheck Ttotal Status Flags
r-devel-linux-x86_64-debian-clang 2.0.0 38.61 322.04 360.65 NOTE
r-devel-linux-x86_64-debian-gcc 2.0.0 0.56 1.78 2.34 ERROR
r-devel-linux-x86_64-fedora-clang 2.0.0 447.34 NOTE
r-devel-linux-x86_64-fedora-gcc 2.0.0 426.66 NOTE
r-devel-windows-x86_64 2.0.0 35.00 319.00 354.00 NOTE
r-patched-linux-x86_64 2.0.0 37.81 304.49 342.30 NOTE
r-release-linux-x86_64 2.0.0 30.24 310.66 340.90 NOTE
r-release-macos-arm64 2.0.0 111.00 NOTE
r-release-macos-x86_64 2.0.0 180.00 NOTE
r-release-windows-x86_64 2.0.0 38.00 316.00 354.00 NOTE
r-oldrel-macos-arm64 2.0.0 131.00 OK
r-oldrel-macos-x86_64 2.0.0 240.00 OK
r-oldrel-windows-x86_64 2.0.0 44.00 395.00 439.00 OK

Check Details

Version: 2.0.0
Check: Rd files
Result: NOTE checkRd: (-1) CO2data.Rd:14: Lost braces in \itemize; meant \describe ? checkRd: (-1) CO2data.Rd:15: Lost braces in \itemize; meant \describe ? checkRd: (-1) CO2data.Rd:16-17: Lost braces in \itemize; meant \describe ? checkRd: (-1) NOdata.Rd:14: Lost braces in \itemize; meant \describe ? checkRd: (-1) NOdata.Rd:15: Lost braces in \itemize; meant \describe ? Flavors: r-devel-linux-x86_64-debian-clang, r-devel-linux-x86_64-fedora-clang, r-devel-linux-x86_64-fedora-gcc, r-devel-windows-x86_64, r-patched-linux-x86_64, r-release-linux-x86_64, r-release-macos-arm64, r-release-macos-x86_64, r-release-windows-x86_64

Version: 2.0.0
Check: package dependencies
Result: ERROR Package required but not available: ‘plotly’ See section ‘The DESCRIPTION file’ in the ‘Writing R Extensions’ manual. Flavor: r-devel-linux-x86_64-debian-gcc