CRAN Package Check Results for Package mixedMem

Last updated on 2024-07-24 03:49:21 CEST.

Flavor Version Tinstall Tcheck Ttotal Status Flags
r-devel-linux-x86_64-debian-clang 1.1.2 150.85 98.43 249.28 OK
r-devel-linux-x86_64-debian-gcc 1.1.2 100.12 69.56 169.68 OK
r-devel-linux-x86_64-fedora-clang 1.1.2 409.21 OK
r-devel-linux-x86_64-fedora-gcc 1.1.2 372.89 OK
r-devel-windows-x86_64 1.1.2 122.00 132.00 254.00 OK
r-patched-linux-x86_64 1.1.2 140.62 81.12 221.74 OK
r-release-linux-x86_64 1.1.2 131.86 85.73 217.59 OK
r-release-macos-arm64 1.1.2 81.00 NOTE
r-release-macos-x86_64 1.1.2 133.00 WARN
r-release-windows-x86_64 1.1.2 144.00 132.00 276.00 OK
r-oldrel-macos-arm64 1.1.2 97.00 NOTE
r-oldrel-macos-x86_64 1.1.2 116.00 OK
r-oldrel-windows-x86_64 1.1.2 145.00 137.00 282.00 OK

Check Details

Version: 1.1.2
Check: installed package size
Result: NOTE installed size is 5.3Mb sub-directories of 1Mb or more: libs 4.8Mb Flavors: r-release-macos-arm64, r-oldrel-macos-arm64

Version: 1.1.2
Check: re-building of vignette outputs
Result: WARN Error(s) in re-building vignettes: ... --- re-building ‘mixedMem.Rnw’ using knitr Error: processing vignette 'mixedMem.Rnw' failed with diagnostics: Running 'texi2dvi' on 'mixedMem.tex' failed. LaTeX errors: ! Undefined control sequence. l.145 \hlkwd{library}\hldef {(mixedMem)} ? ! Emergency stop. ! Emergency stop. l.145 End of file on the terminal! ! ==> Fatal error occurred, no output PDF file produced! --- failed re-building ‘mixedMem.Rnw’ SUMMARY: processing the following file failed: ‘mixedMem.Rnw’ Error: Vignette re-building failed. Execution halted Flavor: r-release-macos-x86_64