Last updated on 2023-10-01 05:05:47 CEST.
Flavor | Version | Tinstall | Tcheck | Ttotal | Status | Flags |
---|---|---|---|---|---|---|
r-devel-linux-x86_64-debian-clang | 1.1.2 | 175.57 | 85.27 | 260.84 | OK | |
r-devel-linux-x86_64-debian-gcc | 1.1.2 | 129.80 | 64.68 | 194.48 | OK | |
r-devel-linux-x86_64-fedora-clang | 1.1.2 | 406.35 | OK | |||
r-devel-linux-x86_64-fedora-gcc | 1.1.2 | 404.44 | OK | |||
r-devel-windows-x86_64 | 1.1.2 | 138.00 | 131.00 | 269.00 | OK | |
r-patched-linux-x86_64 | 1.1.2 | 175.91 | 79.76 | 255.67 | OK | |
r-release-linux-x86_64 | 1.1.2 | 178.82 | 79.07 | 257.89 | OK | |
r-release-macos-arm64 | 1.1.2 | 97.00 | NOTE | |||
r-release-macos-x86_64 | 1.1.2 | 116.00 | OK | |||
r-release-windows-x86_64 | 1.1.2 | 177.00 | 138.00 | 315.00 | OK | |
r-oldrel-macos-arm64 | 1.1.2 | 98.00 | NOTE | |||
r-oldrel-macos-x86_64 | 1.1.2 | 109.00 | OK | |||
r-oldrel-windows-x86_64 | 1.1.2 | 171.00 | 141.00 | 312.00 | OK |
Version: 1.1.2
Check: installed package size
Result: NOTE
installed size is 5.5Mb
sub-directories of 1Mb or more:
libs 5.0Mb
Flavors: r-release-macos-arm64, r-oldrel-macos-arm64