Last updated on 2023-03-26 15:52:38 CEST.
Flavor | Version | Tinstall | Tcheck | Ttotal | Status | Flags |
---|---|---|---|---|---|---|
r-devel-linux-x86_64-debian-clang | 1.6.2 | 34.33 | 97.84 | 132.17 | NOTE | |
r-devel-linux-x86_64-debian-gcc | 1.6.2 | 27.58 | 74.29 | 101.87 | NOTE | |
r-devel-linux-x86_64-fedora-clang | 1.6.2 | 190.97 | NOTE | |||
r-devel-linux-x86_64-fedora-gcc | 1.6.2 | 175.75 | NOTE | |||
r-patched-linux-x86_64 | 1.6.2 | 34.76 | 93.59 | 128.35 | NOTE | |
r-release-linux-x86_64 | 1.6.2 | 25.16 | 95.08 | 120.24 | OK | |
r-release-macos-arm64 | 1.6.2 | 49.00 | OK | |||
r-release-macos-x86_64 | 1.6.2 | 67.00 | OK | |||
r-release-windows-x86_64 | 1.6.2 | 318.00 | 152.00 | 470.00 | OK | |
r-oldrel-macos-arm64 | 1.6.2 | 53.00 | OK | |||
r-oldrel-macos-x86_64 | 1.6.2 | 67.00 | OK | |||
r-oldrel-windows-ix86+x86_64 | 1.6.2 | 94.00 | 194.00 | 288.00 | OK |
Version: 1.6.2
Check: C++ specification
Result: NOTE
Specified C++11: please drop specification unless essential
Flavors: r-devel-linux-x86_64-debian-clang, r-devel-linux-x86_64-debian-gcc, r-devel-linux-x86_64-fedora-clang, r-devel-linux-x86_64-fedora-gcc, r-patched-linux-x86_64