Last updated on 2022-07-03 15:52:37 CEST.
Flavor | Version | Tinstall | Tcheck | Ttotal | Status | Flags |
---|---|---|---|---|---|---|
r-devel-linux-x86_64-debian-clang | 0.1.5 | 69.31 | 32.17 | 101.48 | OK | |
r-devel-linux-x86_64-debian-gcc | 0.1.5 | 63.09 | 24.76 | 87.85 | OK | |
r-devel-linux-x86_64-fedora-clang | 0.1.5 | 169.23 | WARN | |||
r-devel-linux-x86_64-fedora-gcc | 0.1.5 | 151.78 | WARN | |||
r-devel-windows-x86_64 | 0.1.5 | 70.00 | 78.00 | 148.00 | OK | |
r-patched-linux-x86_64 | 0.1.5 | 69.91 | 30.97 | 100.88 | OK | |
r-release-linux-x86_64 | 0.1.5 | 68.92 | 31.26 | 100.18 | OK | |
r-release-macos-arm64 | 0.1.5 | 38.00 | NOTE | |||
r-release-macos-x86_64 | 0.1.5 | 61.00 | NOTE | |||
r-release-windows-x86_64 | 0.1.5 | 83.00 | 79.00 | 162.00 | OK | |
r-oldrel-macos-arm64 | 0.1.5 | 43.00 | NOTE | |||
r-oldrel-macos-x86_64 | 0.1.5 | 52.00 | NOTE | |||
r-oldrel-windows-ix86+x86_64 | 0.1.5 | 189.00 | 77.00 | 266.00 | OK |
Version: 0.1.5
Check: package dependencies
Result: WARN
Requires orphaned package: ‘gtools’
Flavors: r-devel-linux-x86_64-fedora-clang, r-devel-linux-x86_64-fedora-gcc
Version: 0.1.5
Check: dependencies in R code
Result: NOTE
Namespaces in Imports field not imported from:
‘DiceDesign’ ‘MaxPro’ ‘doSNOW’ ‘gmp’ ‘jpeg’
All declared Imports should be used.
Flavors: r-devel-linux-x86_64-fedora-clang, r-devel-linux-x86_64-fedora-gcc, r-release-macos-arm64, r-release-macos-x86_64, r-oldrel-macos-arm64, r-oldrel-macos-x86_64