Last updated on 2022-06-30 15:51:45 CEST.
Flavor | Version | Tinstall | Tcheck | Ttotal | Status | Flags |
---|---|---|---|---|---|---|
r-devel-linux-x86_64-debian-clang | 0.2 | 12.96 | 109.69 | 122.65 | OK | |
r-devel-linux-x86_64-debian-gcc | 0.2 | 10.63 | 84.20 | 94.83 | OK | |
r-devel-linux-x86_64-fedora-clang | 0.2 | 158.87 | NOTE | |||
r-devel-linux-x86_64-fedora-gcc | 0.2 | 158.92 | NOTE | |||
r-devel-windows-x86_64 | 0.2 | 24.00 | 145.00 | 169.00 | OK | |
r-patched-linux-x86_64 | 0.2 | 13.84 | 106.69 | 120.53 | OK | |
r-release-linux-x86_64 | 0.2 | 12.71 | 105.96 | 118.67 | OK | |
r-release-macos-arm64 | 0.2 | 45.00 | NOTE | |||
r-release-macos-x86_64 | 0.2 | 79.00 | NOTE | |||
r-release-windows-x86_64 | 0.2 | 42.00 | 142.00 | 184.00 | OK | |
r-oldrel-macos-arm64 | 0.2 | 50.00 | NOTE | |||
r-oldrel-macos-x86_64 | 0.2 | 86.00 | NOTE | |||
r-oldrel-windows-ix86+x86_64 | 0.2 | 30.00 | 132.00 | 162.00 | OK |
Version: 0.2
Check: dependencies in R code
Result: NOTE
Namespaces in Imports field not imported from:
‘markdown’ ‘metafor’
All declared Imports should be used.
Flavors: r-devel-linux-x86_64-fedora-clang, r-devel-linux-x86_64-fedora-gcc, r-release-macos-arm64, r-release-macos-x86_64, r-oldrel-macos-arm64, r-oldrel-macos-x86_64