CRAN Package Check Results for Package mindicador

Last updated on 2020-09-23 16:38:46 CEST.

Flavor Version Tinstall Tcheck Ttotal Status Flags
r-devel-linux-x86_64-debian-clang 0.1.5 3.18 39.10 42.28 OK
r-devel-linux-x86_64-debian-gcc 0.1.5 2.48 30.11 32.59 OK
r-devel-linux-x86_64-fedora-clang 0.1.5 59.22 NOTE
r-devel-windows-ix86+x86_64 0.1.5 9.00 69.00 78.00 OK
r-patched-linux-x86_64 0.1.5 3.04 36.94 39.98 OK
r-patched-solaris-x86 0.1.5 73.50 NOTE
r-release-linux-x86_64 0.1.5 2.58 37.06 39.64 OK
r-release-macos-x86_64 0.1.5 NOTE
r-release-windows-ix86+x86_64 0.1.5 6.00 69.00 75.00 OK
r-oldrel-macos-x86_64 0.1.5 NOTE
r-oldrel-windows-ix86+x86_64 0.1.5 5.00 56.00 61.00 OK

Check Details

Version: 0.1.5
Check: data for non-ASCII characters
Result: NOTE
     Note: found 5 marked UTF-8 strings
Flavors: r-devel-linux-x86_64-fedora-clang, r-patched-solaris-x86, r-release-macos-x86_64, r-oldrel-macos-x86_64