CRAN Package Check Results for Package milr

Last updated on 2022-06-25 15:51:25 CEST.

Flavor Version Tinstall Tcheck Ttotal Status Flags
r-devel-linux-x86_64-debian-clang 0.3.1 101.75 149.67 251.42 NOTE
r-devel-linux-x86_64-debian-gcc 0.3.1 81.77 113.92 195.69 NOTE
r-devel-linux-x86_64-fedora-clang 0.3.1 366.39 NOTE
r-devel-linux-x86_64-fedora-gcc 0.3.1 332.14 NOTE
r-devel-windows-x86_64 0.3.1 83.00 221.00 304.00 NOTE
r-patched-linux-x86_64 0.3.1 97.02 144.03 241.05 NOTE
r-release-linux-x86_64 0.3.1 95.44 144.23 239.67 NOTE
r-release-macos-arm64 0.3.1 105.00 NOTE
r-release-macos-x86_64 0.3.1 150.00 NOTE
r-release-windows-x86_64 0.3.1 85.00 227.00 312.00 NOTE
r-oldrel-macos-arm64 0.3.1 103.00 NOTE
r-oldrel-macos-x86_64 0.3.1 142.00 NOTE
r-oldrel-windows-ix86+x86_64 0.3.1 255.00 244.00 499.00 NOTE

Check Details

Version: 0.3.1
Check: LazyData
Result: NOTE
     'LazyData' is specified without a 'data' directory
Flavors: r-devel-linux-x86_64-debian-clang, r-devel-linux-x86_64-debian-gcc, r-devel-linux-x86_64-fedora-clang, r-devel-linux-x86_64-fedora-gcc, r-devel-windows-x86_64, r-patched-linux-x86_64, r-release-linux-x86_64, r-release-macos-arm64, r-release-macos-x86_64, r-release-windows-x86_64, r-oldrel-macos-arm64, r-oldrel-macos-x86_64, r-oldrel-windows-ix86+x86_64