CRAN Package Check Results for Package midrangeMCP

Last updated on 2021-03-02 03:53:58 CET.

Flavor Version Tinstall Tcheck Ttotal Status Flags
r-devel-linux-x86_64-debian-clang 3.1.1 OK
r-devel-linux-x86_64-debian-gcc 3.1.1 4.53 33.00 37.53 OK
r-devel-linux-x86_64-fedora-clang 3.1.1 71.41 OK
r-devel-linux-x86_64-fedora-gcc 3.1.1 60.31 OK
r-devel-windows-ix86+x86_64 3.1.1 6.00 45.00 51.00 OK
r-patched-linux-x86_64 3.1.1 5.95 40.89 46.84 OK
r-patched-solaris-x86 3.1.1 81.30 OK
r-release-linux-x86_64 3.1.1 5.45 40.90 46.35 OK
r-release-macos-x86_64 3.1.1 OK
r-release-windows-ix86+x86_64 3.1.1 7.00 63.00 70.00 OK
r-oldrel-macos-x86_64 3.1.1 WARN
r-oldrel-windows-ix86+x86_64 3.1.1 5.00 49.00 54.00 OK

Check Details

Version: 3.1.1
Check: dependencies in R code
Result: NOTE
    No protocol specified
    No protocol specified
    No protocol specified
    No protocol specified
Flavor: r-oldrel-macos-x86_64

Version: 3.1.1
Check: S3 generic/method consistency
Result: WARN
    No protocol specified
    No protocol specified
    See section ‘Generic functions and methods’ in the ‘Writing R
    Extensions’ manual.
Flavor: r-oldrel-macos-x86_64

Version: 3.1.1
Check: replacement functions
Result: WARN
    No protocol specified
    No protocol specified
    The argument of a replacement function which corresponds to the right
    hand side must be named ‘value’.
Flavor: r-oldrel-macos-x86_64

Version: 3.1.1
Check: foreign function calls
Result: NOTE
    No protocol specified
    No protocol specified
    See chapter ‘System and foreign language interfaces’ in the ‘Writing R
    Extensions’ manual.
Flavor: r-oldrel-macos-x86_64

Version: 3.1.1
Check: R code for possible problems
Result: NOTE
    No protocol specified
    No protocol specified
Flavor: r-oldrel-macos-x86_64

Version: 3.1.1
Check: for missing documentation entries
Result: WARN
    No protocol specified
    No protocol specified
    All user-level objects in a package should have documentation entries.
    See chapter ‘Writing R documentation files’ in the ‘Writing R
    Extensions’ manual.
Flavor: r-oldrel-macos-x86_64

Version: 3.1.1
Check: for code/documentation mismatches
Result: WARN
    No protocol specified
    No protocol specified
    No protocol specified
    No protocol specified
    No protocol specified
    No protocol specified
Flavor: r-oldrel-macos-x86_64

Version: 3.1.1
Check: Rd \usage sections
Result: NOTE
    No protocol specified
    No protocol specified
    The \usage entries for S3 methods should use the \method markup and not
    their full name.
    See chapter ‘Writing R documentation files’ in the ‘Writing R
    Extensions’ manual.
Flavor: r-oldrel-macos-x86_64