CRAN Package Check Results for Package microhaplot

Last updated on 2020-08-13 15:51:11 CEST.

Flavor Version Tinstall Tcheck Ttotal Status Flags
r-devel-linux-x86_64-debian-clang 1.0.1 0.65 2.56 3.21 ERROR
r-devel-linux-x86_64-debian-gcc 1.0.1 2.15 24.36 26.51 OK
r-devel-linux-x86_64-fedora-clang 1.0.1 49.99 NOTE
r-devel-linux-x86_64-fedora-gcc 1.0.1 40.71 NOTE
r-devel-windows-ix86+x86_64 1.0.1 13.00 44.00 57.00 OK
r-patched-linux-x86_64 1.0.1 2.37 30.83 33.20 OK
r-patched-solaris-x86 1.0.1 50.30 NOTE
r-release-linux-x86_64 1.0.1 2.61 31.03 33.64 OK
r-release-macos-x86_64 1.0.1 NOTE
r-release-windows-ix86+x86_64 1.0.1 14.00 55.00 69.00 OK
r-oldrel-macos-x86_64 1.0.1 NOTE
r-oldrel-windows-ix86+x86_64 1.0.1 6.00 38.00 44.00 OK

Check Details

Version: 1.0.1
Check: package dependencies
Result: ERROR
    Package required but not available: 'tidyr'
    
    See section 'The DESCRIPTION file' in the 'Writing R Extensions'
    manual.
Flavor: r-devel-linux-x86_64-debian-clang

Version: 1.0.1
Check: dependencies in R code
Result: NOTE
    Namespaces in Imports field not imported from:
     ‘DT’ ‘ggiraph’ ‘ggplot2’ ‘grid’ ‘gtools’ ‘scales’ ‘shinyBS’
     ‘shinyWidgets’ ‘tidyr’
     All declared Imports should be used.
Flavors: r-devel-linux-x86_64-fedora-clang, r-devel-linux-x86_64-fedora-gcc, r-patched-solaris-x86, r-release-macos-x86_64, r-oldrel-macos-x86_64