Last updated on 2022-06-27 15:53:48 CEST.
Flavor | Version | Tinstall | Tcheck | Ttotal | Status | Flags |
---|---|---|---|---|---|---|
r-devel-linux-x86_64-debian-clang | 1.2 | 78.17 | 81.23 | 159.40 | NOTE | |
r-devel-linux-x86_64-debian-gcc | 1.2 | 60.76 | 58.81 | 119.57 | NOTE | |
r-devel-linux-x86_64-fedora-clang | 1.2 | 235.76 | NOTE | |||
r-devel-linux-x86_64-fedora-gcc | 1.2 | 208.23 | NOTE | |||
r-devel-windows-x86_64 | 1.2 | 76.00 | 134.00 | 210.00 | NOTE | |
r-patched-linux-x86_64 | 1.2 | 69.96 | 76.90 | 146.86 | NOTE | |
r-release-linux-x86_64 | 1.2 | 47.98 | 76.01 | 123.99 | NOTE | |
r-release-macos-arm64 | 1.2 | 58.00 | NOTE | |||
r-release-macos-x86_64 | 1.2 | 99.00 | NOTE | |||
r-release-windows-x86_64 | 1.2 | 74.00 | 131.00 | 205.00 | NOTE | |
r-oldrel-macos-arm64 | 1.2 | 66.00 | NOTE | |||
r-oldrel-macos-x86_64 | 1.2 | 112.00 | NOTE | |||
r-oldrel-windows-ix86+x86_64 | 1.2 | 198.00 | 137.00 | 335.00 | NOTE |
Version: 1.2
Check: for GNU extensions in Makefiles
Result: NOTE
GNU make is a SystemRequirements.
Flavors: r-devel-linux-x86_64-debian-clang, r-devel-linux-x86_64-debian-gcc, r-devel-linux-x86_64-fedora-clang, r-devel-linux-x86_64-fedora-gcc, r-devel-windows-x86_64, r-patched-linux-x86_64, r-release-linux-x86_64, r-release-macos-arm64, r-release-macos-x86_64, r-release-windows-x86_64, r-oldrel-macos-arm64, r-oldrel-macos-x86_64, r-oldrel-windows-ix86+x86_64
Version: 1.2
Check: dependencies in R code
Result: NOTE
Namespace in Imports field not imported from: ‘tibble’
All declared Imports should be used.
Flavors: r-devel-linux-x86_64-fedora-clang, r-devel-linux-x86_64-fedora-gcc, r-release-macos-arm64, r-release-macos-x86_64, r-oldrel-macos-arm64, r-oldrel-macos-x86_64