CRAN Package Check Results for Package miceadds

Last updated on 2024-06-24 04:49:08 CEST.

Flavor Version Tinstall Tcheck Ttotal Status Flags
r-devel-linux-x86_64-debian-clang 3.17-44 172.93 225.30 398.23 OK
r-devel-linux-x86_64-debian-gcc 3.17-44 125.05 159.88 284.93 OK
r-devel-linux-x86_64-fedora-clang 3.17-44 571.51 OK
r-devel-linux-x86_64-fedora-gcc 3.17-44 541.44 OK
r-devel-windows-x86_64 3.17-44 140.00 213.00 353.00 OK
r-patched-linux-x86_64 3.17-44 139.26 209.64 348.90 OK
r-release-linux-x86_64 3.17-44 130.58 215.86 346.44 OK
r-release-macos-arm64 3.17-44 113.00 NOTE
r-release-macos-x86_64 3.17-44 152.00 NOTE
r-release-windows-x86_64 3.17-44 141.00 208.00 349.00 OK
r-oldrel-macos-arm64 3.17-44 113.00 NOTE
r-oldrel-macos-x86_64 3.17-44 182.00 NOTE
r-oldrel-windows-x86_64 3.17-44 174.00 275.00 449.00 OK

Check Details

Version: 3.17-44
Check: installed package size
Result: NOTE installed size is 7.3Mb sub-directories of 1Mb or more: libs 5.6Mb Flavors: r-release-macos-arm64, r-release-macos-x86_64, r-oldrel-macos-arm64, r-oldrel-macos-x86_64