Last updated on 2025-01-18 04:48:30 CET.
Flavor | Version | Tinstall | Tcheck | Ttotal | Status | Flags |
---|---|---|---|---|---|---|
r-devel-linux-x86_64-debian-clang | 0.4.21 | 4.34 | 44.21 | 48.55 | OK | |
r-devel-linux-x86_64-debian-gcc | 0.4.21 | 3.86 | 32.91 | 36.77 | OK | |
r-devel-linux-x86_64-fedora-clang | 0.4.21 | 81.22 | NOTE | |||
r-devel-linux-x86_64-fedora-gcc | 0.4.21 | 91.41 | NOTE | |||
r-devel-windows-x86_64 | 0.4.21 | 8.00 | 94.00 | 102.00 | OK | |
r-patched-linux-x86_64 | 0.4.21 | 4.29 | 41.47 | 45.76 | OK | |
r-release-linux-x86_64 | 0.4.21 | 3.96 | 41.04 | 45.00 | OK | |
r-release-macos-arm64 | 0.4.21 | 31.00 | OK | |||
r-release-macos-x86_64 | 0.4.21 | 76.00 | OK | |||
r-release-windows-x86_64 | 0.4.21 | 8.00 | 96.00 | 104.00 | OK | |
r-oldrel-macos-arm64 | 0.4.21 | 38.00 | OK | |||
r-oldrel-macos-x86_64 | 0.4.21 | 139.00 | OK | |||
r-oldrel-windows-x86_64 | 0.4.21 | 8.00 | 91.00 | 99.00 | OK |
Version: 0.4.21
Check: compiled code
Result: NOTE
File ‘mhsmm/libs/mhsmm.so’:
Found no calls to: ‘R_registerRoutines’, ‘R_useDynamicSymbols’
It is good practice to register native routines and to disable symbol
search.
See ‘Writing portable packages’ in the ‘Writing R Extensions’ manual.
Flavors: r-devel-linux-x86_64-fedora-clang, r-devel-linux-x86_64-fedora-gcc