CRAN Package Check Results for Package mgwrsar

Last updated on 2022-08-15 03:52:52 CEST.

Flavor Version Tinstall Tcheck Ttotal Status Flags
r-devel-linux-x86_64-debian-clang 1.0 86.84 503.96 590.80 OK
r-devel-linux-x86_64-debian-gcc 1.0 72.66 376.03 448.69 OK
r-devel-linux-x86_64-fedora-clang 1.0 704.16 NOTE
r-devel-linux-x86_64-fedora-gcc 1.0 703.63 NOTE
r-devel-windows-x86_64 1.0 86.00 512.00 598.00 OK
r-patched-linux-x86_64 1.0 79.77 463.95 543.72 OK
r-release-linux-x86_64 1.0 59.33 471.99 531.32 OK
r-release-macos-arm64 1.0 162.00 NOTE
r-release-macos-x86_64 1.0 242.00 NOTE
r-release-windows-x86_64 1.0 80.00 498.00 578.00 OK
r-oldrel-macos-arm64 1.0 167.00 NOTE
r-oldrel-macos-x86_64 1.0 219.00 NOTE
r-oldrel-windows-ix86+x86_64 1.0 182.00 485.00 667.00 OK

Check Details

Version: 1.0
Check: installed package size
Result: NOTE
     installed size is 18.6Mb
     sub-directories of 1Mb or more:
     doc 1.7Mb
     libs 15.9Mb
Flavors: r-devel-linux-x86_64-fedora-clang, r-release-macos-arm64, r-release-macos-x86_64, r-oldrel-macos-arm64, r-oldrel-macos-x86_64

Version: 1.0
Check: dependencies in R code
Result: NOTE
    Namespaces in Imports field not imported from:
     ‘knitr’ ‘qlcMatrix’
     All declared Imports should be used.
Flavors: r-devel-linux-x86_64-fedora-clang, r-devel-linux-x86_64-fedora-gcc, r-release-macos-arm64, r-release-macos-x86_64, r-oldrel-macos-arm64, r-oldrel-macos-x86_64