CRAN Package Check Results for Package mgcv

Last updated on 2022-12-06 04:02:56 CET.

Flavor Version Tinstall Tcheck Ttotal Status Flags
r-devel-linux-x86_64-debian-clang 1.8-41 106.82 549.75 656.57 WARN
r-devel-linux-x86_64-debian-gcc 1.8-41 87.21 406.14 493.35 OK
r-devel-linux-x86_64-fedora-clang 1.8-41 819.15 WARN
r-devel-linux-x86_64-fedora-gcc 1.8-41 814.28 OK
r-devel-windows-x86_64 1.8-41 163.00 560.00 723.00 OK
r-patched-linux-x86_64 1.8-41 95.64 529.81 625.45 OK
r-release-linux-x86_64 1.8-41 94.37 527.41 621.78 OK
r-release-macos-arm64 1.8-41 200.00 OK
r-release-macos-x86_64 1.8-41 261.00 OK
r-release-windows-x86_64 1.8-41 161.00 565.00 726.00 OK
r-oldrel-macos-arm64 1.8-41 179.00 OK
r-oldrel-macos-x86_64 1.8-41 256.00 OK
r-oldrel-windows-ix86+x86_64 1.8-41 184.00 820.00 1004.00 OK

Check Details

Version: 1.8-41
Check: whether package can be installed
Result: WARN
    Found the following significant warnings:
     matrix.c:172:26: warning: a function declaration without a prototype is deprecated in all versions of C [-Wstrict-prototypes]
Flavors: r-devel-linux-x86_64-debian-clang, r-devel-linux-x86_64-fedora-clang