Last updated on 2022-08-17 15:49:57 CEST.
Flavor | Version | Tinstall | Tcheck | Ttotal | Status | Flags |
---|---|---|---|---|---|---|
r-devel-linux-x86_64-debian-clang | 1.8-40 | 100.86 | 519.51 | 620.37 | NOTE | |
r-devel-linux-x86_64-debian-gcc | 1.8-40 | NOTE | ||||
r-devel-linux-x86_64-fedora-clang | 1.8-40 | 748.48 | NOTE | |||
r-devel-linux-x86_64-fedora-gcc | 1.8-40 | 725.48 | NOTE | |||
r-devel-windows-x86_64 | 1.8-40 | 139.00 | 528.00 | 667.00 | NOTE | |
r-patched-linux-x86_64 | 1.8-40 | 86.30 | 494.31 | 580.61 | OK | |
r-release-linux-x86_64 | 1.8-40 | 77.20 | 493.46 | 570.66 | OK | |
r-release-macos-arm64 | 1.8-40 | 192.00 | OK | |||
r-release-macos-x86_64 | 1.8-40 | 245.00 | OK | |||
r-release-windows-x86_64 | 1.8-40 | 148.00 | 557.00 | 705.00 | OK | |
r-oldrel-macos-arm64 | 1.8-40 | 172.00 | OK | |||
r-oldrel-macos-x86_64 | 1.8-40 | 239.00 | OK | |||
r-oldrel-windows-ix86+x86_64 | 1.8-40 | 167.00 | 803.00 | 970.00 | OK |
Version: 1.8-40
Check: Rd files
Result: NOTE
checkRd: (-1) gam.fit3.Rd:4: Escaped LaTeX specials: \&
Flavors: r-devel-linux-x86_64-debian-clang, r-devel-linux-x86_64-debian-gcc, r-devel-linux-x86_64-fedora-clang, r-devel-linux-x86_64-fedora-gcc, r-devel-windows-x86_64