CRAN Package Check Results for Package mgarchBEKK

Last updated on 2022-01-28 04:00:54 CET.

Flavor Version Tinstall Tcheck Ttotal Status Flags
r-devel-linux-x86_64-debian-clang 0.0.2 6.20 47.57 53.77 NOTE
r-devel-linux-x86_64-debian-gcc 0.0.2 4.60 37.09 41.69 NOTE
r-devel-linux-x86_64-fedora-clang 0.0.2 64.75 NOTE
r-devel-linux-x86_64-fedora-gcc 0.0.2 52.68 NOTE
r-devel-windows-x86_64-new-UL 0.0.2 34.00 70.00 104.00 NOTE
r-devel-windows-x86_64-new-TK 0.0.2 NOTE
r-patched-linux-x86_64 0.0.2 4.48 45.31 49.79 NOTE
r-release-linux-x86_64 0.0.2 5.11 45.41 50.52 NOTE
r-release-macos-arm64 0.0.2 NOTE
r-release-macos-x86_64 0.0.2 NOTE
r-release-windows-ix86+x86_64 0.0.2 14.00 74.00 88.00 NOTE
r-oldrel-macos-x86_64 0.0.2 OK
r-oldrel-windows-ix86+x86_64 0.0.2 14.00 75.00 89.00 OK

Check Details

Version: 0.0.2
Check: LazyData
Result: NOTE
     'LazyData' is specified without a 'data' directory
Flavors: r-devel-linux-x86_64-debian-clang, r-devel-linux-x86_64-debian-gcc, r-devel-linux-x86_64-fedora-clang, r-devel-linux-x86_64-fedora-gcc, r-devel-windows-x86_64-new-UL, r-devel-windows-x86_64-new-TK, r-patched-linux-x86_64, r-release-linux-x86_64, r-release-macos-arm64, r-release-macos-x86_64, r-release-windows-ix86+x86_64

Version: 0.0.2
Check: compiled code
Result: NOTE
    File ‘mgarchBEKK/libs/mgarchBEKK.so’:
     Found no calls to: ‘R_registerRoutines’, ‘R_useDynamicSymbols’
    
    It is good practice to register native routines and to disable symbol
    search.
    
    See ‘Writing portable packages’ in the ‘Writing R Extensions’ manual.
Flavors: r-devel-linux-x86_64-fedora-clang, r-devel-linux-x86_64-fedora-gcc