Last updated on 2022-06-26 03:50:05 CEST.
Flavor | Version | Tinstall | Tcheck | Ttotal | Status | Flags |
---|---|---|---|---|---|---|
r-devel-linux-x86_64-debian-clang | 0.5.6 | 555.60 | 143.53 | 699.13 | NOTE | |
r-devel-linux-x86_64-debian-gcc | 0.5.6 | 438.39 | 103.66 | 542.05 | NOTE | |
r-devel-linux-x86_64-fedora-clang | 0.5.6 | 1059.14 | NOTE | |||
r-devel-linux-x86_64-fedora-gcc | 0.5.6 | 899.21 | NOTE | |||
r-devel-windows-x86_64 | 0.5.6 | 366.00 | 199.00 | 565.00 | NOTE | |
r-patched-linux-x86_64 | 0.5.6 | 466.61 | 132.51 | 599.12 | NOTE | |
r-release-linux-x86_64 | 0.5.6 | 465.33 | 131.81 | 597.14 | NOTE | |
r-release-macos-arm64 | 0.5.6 | 221.00 | NOTE | |||
r-release-macos-x86_64 | 0.5.6 | 357.00 | NOTE | |||
r-release-windows-x86_64 | 0.5.6 | 370.00 | 202.00 | 572.00 | NOTE | |
r-oldrel-macos-arm64 | 0.5.6 | 244.00 | NOTE | |||
r-oldrel-macos-x86_64 | 0.5.6 | 324.00 | NOTE | |||
r-oldrel-windows-ix86+x86_64 | 0.5.6 | 1257.00 | 216.00 | 1473.00 | NOTE |
Version: 0.5.6
Check: for GNU extensions in Makefiles
Result: NOTE
GNU make is a SystemRequirements.
Flavors: r-devel-linux-x86_64-debian-clang, r-devel-linux-x86_64-debian-gcc, r-devel-linux-x86_64-fedora-clang, r-devel-linux-x86_64-fedora-gcc, r-devel-windows-x86_64, r-patched-linux-x86_64, r-release-linux-x86_64, r-release-macos-arm64, r-release-macos-x86_64, r-release-windows-x86_64, r-oldrel-macos-arm64, r-oldrel-macos-x86_64, r-oldrel-windows-ix86+x86_64
Version: 0.5.6
Check: installed package size
Result: NOTE
installed size is 18.6Mb
sub-directories of 1Mb or more:
libs 17.6Mb
Flavors: r-devel-linux-x86_64-fedora-clang, r-release-macos-arm64, r-release-macos-x86_64, r-oldrel-macos-arm64, r-oldrel-macos-x86_64, r-oldrel-windows-ix86+x86_64