CRAN Package Check Results for Package mev

Last updated on 2022-01-16 04:08:16 CET.

Flavor Version Tinstall Tcheck Ttotal Status Flags
r-devel-linux-x86_64-debian-clang 1.13.1 127.46 187.77 315.23 OK
r-devel-linux-x86_64-debian-gcc 1.13.1 102.25 139.83 242.08 OK
r-devel-linux-x86_64-fedora-clang 1.13.1 422.04 NOTE
r-devel-linux-x86_64-fedora-gcc 1.13.1 399.53 OK
r-devel-windows-x86_64-new-UL 1.13.1 204.00 237.00 441.00 OK
r-devel-windows-x86_64-new-TK 1.13.1 ERROR
r-patched-linux-x86_64 1.13.1 108.64 184.33 292.97 OK
r-release-linux-x86_64 1.13.1 108.61 184.41 293.02 OK
r-release-macos-arm64 1.13.1 NOTE
r-release-macos-x86_64 1.13.1 NOTE
r-release-windows-ix86+x86_64 1.13.1 267.00 251.00 518.00 OK
r-oldrel-macos-x86_64 1.13.1 NOTE
r-oldrel-windows-ix86+x86_64 1.13.1 267.00 240.00 507.00 OK

Check Details

Version: 1.13.1
Check: installed package size
Result: NOTE
     installed size is 7.5Mb
     sub-directories of 1Mb or more:
     libs 5.8Mb
Flavors: r-devel-linux-x86_64-fedora-clang, r-release-macos-arm64, r-release-macos-x86_64, r-oldrel-macos-x86_64

Version: 1.13.1
Check: Rd cross-references
Result: NOTE
    Undeclared packages ‘hoa’, ‘evir’ in Rd xrefs
Flavor: r-devel-linux-x86_64-fedora-clang

Version: 1.13.1
Check: package dependencies
Result: ERROR
    Package required but not available: 'nloptr'
    
    See section 'The DESCRIPTION file' in the 'Writing R Extensions'
    manual.
Flavor: r-devel-windows-x86_64-new-TK