CRAN Package Check Results for Package mets

Last updated on 2022-01-28 04:00:54 CET.

Flavor Version Tinstall Tcheck Ttotal Status Flags
r-devel-linux-x86_64-debian-clang 1.2.9 348.91 527.48 876.39 OK
r-devel-linux-x86_64-debian-gcc 1.2.9 262.94 392.07 655.01 OK
r-devel-linux-x86_64-fedora-clang 1.2.9 1180.55 NOTE
r-devel-linux-x86_64-fedora-gcc 1.2.9 1110.05 OK
r-devel-windows-x86_64-new-UL 1.2.9 426.00 680.00 1106.00 NOTE
r-devel-windows-x86_64-new-TK 1.2.9 OK
r-patched-linux-x86_64 1.2.9 328.50 533.45 861.95 OK
r-release-linux-x86_64 1.2.9 312.86 532.16 845.02 WARN
r-release-macos-arm64 1.2.9 NOTE
r-release-macos-x86_64 1.2.9 NOTE
r-release-windows-ix86+x86_64 1.2.9 763.00 801.00 1564.00 NOTE
r-oldrel-macos-x86_64 1.2.9 NOTE
r-oldrel-windows-ix86+x86_64 1.2.9 762.00 799.00 1561.00 NOTE

Check Details

Version: 1.2.9
Check: installed package size
Result: NOTE
     installed size is 29.0Mb
     sub-directories of 1Mb or more:
     R 1.5Mb
     data 2.8Mb
     doc 4.1Mb
     libs 19.7Mb
Flavors: r-devel-linux-x86_64-fedora-clang, r-devel-windows-x86_64-new-UL, r-release-macos-arm64, r-release-macos-x86_64, r-release-windows-ix86+x86_64, r-oldrel-macos-x86_64, r-oldrel-windows-ix86+x86_64

Version: 1.2.9
Check: re-building of vignette outputs
Result: WARN
    Error(s) in re-building vignettes:
     ...
    --- re-building ‘basic-dutils.Rmd’ using rmarkdown
    --- finished re-building ‘basic-dutils.Rmd’
    
    --- re-building ‘binomial-family.Rmd’ using rmarkdown
    --- finished re-building ‘binomial-family.Rmd’
    
    --- re-building ‘binomial-twin.Rmd’ using rmarkdown
    --- finished re-building ‘binomial-twin.Rmd’
    
    --- re-building ‘binreg-ate.Rmd’ using rmarkdown
    Quitting from lines 134-149 (binreg-ate.Rmd)
    Error: processing vignette 'binreg-ate.Rmd' failed with diagnostics:
    missing value where TRUE/FALSE needed
    --- failed re-building ‘binreg-ate.Rmd’
    
    --- re-building ‘binreg.Rmd’ using rmarkdown
    --- finished re-building ‘binreg.Rmd’
    
    --- re-building ‘cifreg.Rmd’ using rmarkdown
    --- finished re-building ‘cifreg.Rmd’
    
    --- re-building ‘haplo-discrete-ttp.Rmd’ using rmarkdown
    --- finished re-building ‘haplo-discrete-ttp.Rmd’
    
    --- re-building ‘interval-discrete-survival.Rmd’ using rmarkdown
    --- finished re-building ‘interval-discrete-survival.Rmd’
    
    --- re-building ‘marginal-cox.Rmd’ using rmarkdown
    --- finished re-building ‘marginal-cox.Rmd’
    
    --- re-building ‘quantitative-twin.Rmd’ using rmarkdown
    Loading required package: timereg
    Loading required package: survival
    Loading required package: lava
    mets version 1.2.9
    Loading required package: ggplot2
    
    Attaching package: 'ggplot2'
    
    The following object is masked from 'package:lava':
    
     vars
    
    --- finished re-building ‘quantitative-twin.Rmd’
    
    --- re-building ‘recurrent-events.Rmd’ using rmarkdown
    --- finished re-building ‘recurrent-events.Rmd’
    
    --- re-building ‘time-to-event-family-studies-arev.Rmd’ using rmarkdown
    --- finished re-building ‘time-to-event-family-studies-arev.Rmd’
    
    --- re-building ‘twostage-survival.Rmd’ using rmarkdown
    --- finished re-building ‘twostage-survival.Rmd’
    
    SUMMARY: processing the following file failed:
     ‘binreg-ate.Rmd’
    
    Error: Vignette re-building failed.
    Execution halted
Flavor: r-release-linux-x86_64